{"id":79,"date":"2023-09-27T15:57:55","date_gmt":"2023-09-27T06:57:55","guid":{"rendered":"http:\/\/test2.airmesse-light.com\/f\/?page_id=79"},"modified":"2023-11-01T14:50:03","modified_gmt":"2023-11-01T05:50:03","slug":"ukiyoe-0-es","status":"publish","type":"page","link":"https:\/\/fujisawa-ukiyoekan.net\/f\/ukiyoe-0-es\/","title":{"rendered":"\u6d6e\u4e16\u7d75\u3068\u85e4\u6ca2\u3000\u3054\u3042\u3044\u3055\u3064\u3000\u30b9\u30da\u30a4\u30f3\u8a9e"},"content":{"rendered":"<p><!--Breadcrumb--><\/p>\n<section id=\"top\" class=\"bc-section\">\n<div class=\"container\">\n<ol class=\"breadcrumb\">\n<li><a href=\"\/f\/home-es\">INICIO <\/a><\/li>\n<li class=\"active\">Ukiyo-e y Fujisawa<\/li>\n<\/ol>\n<\/div>\n<\/section>\n<p><!--\/Breadcrumb--><\/p>\n<section id=\"txt\" class=\"home-section\">\n<div class=\"container\">\n<div class=\"row\">\n<div class=\"txtArea\">\n<h3>Saludo<\/h3>\n<div class=\"txtBox\">\n<p>El Museo Municipal de Ukiyo-e de Fujisawa fue fundado con el objetivo de incentivar el aprecio por la ciudad y fomentar la educaci\u00f3n cultural de los ciudadanos locales. Los visitantes a nuestro museo pueden apreciar la colecci\u00f3n local en exposici\u00f3n, que cuenta con las estampas ukiyo-e de la estaci\u00f3n de Fujisawa de la ruta Tokaido, o de la isla de Enoshima, entre otras. La colecci\u00f3n de estampas ukiyo-e de la ciudad de Fujisawa comenz\u00f3 a tomar forma en el a\u00f1o 1980, cuando el entonces rector de la Universidad Nihon, el Sr. Kure Fumiaki don\u00f3 su colecci\u00f3n de estampas ukiyo-e de la isla de Enoshima al gobierno local, en conmemoraci\u00f3n del 40 aniversario del establecimiento de Fujisawa como ciudad. Desde entonces, como parte de la colecci\u00f3n local, la ciudad de Fujisawa ha recopilado estampas ukiyo-e de la tem\u00e1tica de la estaci\u00f3n de Fujisawa de la ruta Tokaido, de la isla de Enoshima, as\u00ed como muchos otros documentos relacionados.<br \/>\nLas estampas ukiyo-e, que surgieron como una cultura popular durante la era Edo, son ilustraciones creadas mediante xilograf\u00eda que representan la vida de las gentes y la situaci\u00f3n de la sociedad de la \u00e9poca. A finales del siglo XIX, c\u00e9lebres pintores europeos como Vincent van Gogh se inspiraron notoriamente en las estampas ukiyo-e. Estas estampas japonesas son sin duda obras de arte admiradas de forma universal. Debido a que en Fujisawa, durante la era Edo se ubicaba la estaci\u00f3n hom\u00f3nima de la ruta Tokaido, esta tierra prosper\u00f3 como un lugar de culto religioso y entretenimiento, en donde se ubicaba el templo Shojokoji (Yugyoji), sede central de la escuela budista Ji. Existen un gran n\u00famero de estampas ukiyo-e que representan los lugares famosos y leyendas de Fujisawa, como por ejemplo los accesos a las sendas de peregrinaci\u00f3n religiosa a la isla de Enoshima y el monte Oyama (monte Amefuri).<br \/>\nDesde el Museo de Ukiyo-e de Fujisawa trabajamos para seguir transmitiendo y acercando la cultura local a todos nuestros visitantes, as\u00ed como para mejorar de forma constante la experiencia de los visitantes. Esperamos su visita.<\/p>\n<\/div>\n<div class=\"ctrBox\">\n<a href=\"\/f\/ukiyoe-1-es\"><button type=\"button\" class=\"btn\"><i class=\"fa fa-arrow-circle-right\"><\/i>Fujisawa representada en las estampas ukiyo-e<\/button><\/a><br \/>\n<a href=\"\/f\/ukiyoe-2-es\"><button type=\"button\" class=\"btn\"><i class=\"fa fa-arrow-circle-right\"><\/i>La isla de Enoshima como uno de las principales temas de las estampas ukiyo-ehref=&#8221;ukiyoe-3-es&#8221;><button type=\"button\" class=\"btn\"><i class=\"fa fa-arrow-circle-right\"><\/i>El mundo de la leyenda de Oguri Hangan y la princesa Terute<\/button><\/a><br \/>\n<a href=\"\/f\/ukiyoe-4-es\"><button type=\"button\" class=\"btn\"><i class=\"fa fa-arrow-circle-right\"><\/i>Colecci\u00f3n Cincuenta y tres estaciones de la ruta Tokaido y el juego de mesa Dochu Sugoroku<\/button><\/a><\/p>\n<p><\/a><\/div>\n<\/div>\n<\/div>\n<\/div>\n<\/section>\n","protected":false},"excerpt":{"rendered":"<p>INICIO Ukiyo-e y Fujisawa Saludo El Museo Municipal de Ukiyo-e de Fujisawa fue fundado con el objetivo de ince [&hellip;]<\/p>\n","protected":false},"author":1,"featured_media":0,"parent":0,"menu_order":0,"comment_status":"closed","ping_status":"closed","template":"page-es.php","meta":{"footnotes":""},"class_list":["post-79","page","type-page","status-publish","hentry"],"_links":{"self":[{"href":"https:\/\/fujisawa-ukiyoekan.net\/f\/wp-json\/wp\/v2\/pages\/79","targetHints":{"allow":["GET"]}}],"collection":[{"href":"https:\/\/fujisawa-ukiyoekan.net\/f\/wp-json\/wp\/v2\/pages"}],"about":[{"href":"https:\/\/fujisawa-ukiyoekan.net\/f\/wp-json\/wp\/v2\/types\/page"}],"author":[{"embeddable":true,"href":"https:\/\/fujisawa-ukiyoekan.net\/f\/wp-json\/wp\/v2\/users\/1"}],"replies":[{"embeddable":true,"href":"https:\/\/fujisawa-ukiyoekan.net\/f\/wp-json\/wp\/v2\/comments?post=79"}],"version-history":[{"count":7,"href":"https:\/\/fujisawa-ukiyoekan.net\/f\/wp-json\/wp\/v2\/pages\/79\/revisions"}],"predecessor-version":[{"id":1352,"href":"https:\/\/fujisawa-ukiyoekan.net\/f\/wp-json\/wp\/v2\/pages\/79\/revisions\/1352"}],"wp:attachment":[{"href":"https:\/\/fujisawa-ukiyoekan.net\/f\/wp-json\/wp\/v2\/media?parent=79"}],"curies":[{"name":"wp","href":"https:\/\/api.w.org\/{rel}","templated":true}]}}