{"id":4146,"date":"2026-02-26T11:47:53","date_gmt":"2026-02-26T02:47:53","guid":{"rendered":"https:\/\/fujisawa-ukiyoekan.net\/f\/?page_id=4146"},"modified":"2026-02-26T11:48:13","modified_gmt":"2026-02-26T02:48:13","slug":"collections-23-pt","status":"publish","type":"page","link":"https:\/\/fujisawa-ukiyoekan.net\/f\/collections-23-pt\/","title":{"rendered":"\u5c55\u793a\u5185\u5bb9\u7d39\u4ecb\u3000\u6d6e\u4e16\u7d75\u3059\u3054\u308d\u304f THE WORLD\uff08\u30dd\u30eb\u30c8\u30ac\u30eb\u8a9e\uff09"},"content":{"rendered":"<section id=\"top\" class=\"bc-section\">\n<div class=\"container\">\n<ol class=\"breadcrumb\">\n<li><a href=\"\/f\/home\">HOME<\/a><\/li>\n<li class=\"active\">Introdu\u00e7\u00e3o ao conte\u00fado da exposi\u00e7\u00e3o<\/li>\n<\/ol>\n<\/div>\n<\/section>\n<section id=\"txt\" class=\"home-section\">\n<div class=\"container\">\n<div class=\"row\">\n<div class=\"txtArea\">\n<h3 id=\"collections-title\">Ukiyo-e Sugoroku: THE WORLD<\/h3>\n<h4>Conte\u00fado da exposi\u00e7\u00e3o<\/h4>\n<div class=\"txtBox\">\n<p id=\"collections-p\">O sugoroku, um jogo que se desenvolveu como forma de entretenimento no per\u00edodo Edo, teve como um de seus temas mais populares as viagens pela estrada de T\u014dkaid\u014d, resultando na cria\u00e7\u00e3o de muitos T\u014dkaid\u014d sugoroku. Nesta exposi\u00e7\u00e3o, apresentamos n\u00e3o apenas os sugoroku convencionais, mas tamb\u00e9m vers\u00f5es criativas como o tobi sugoroku, que incorporam varia\u00e7\u00f5es nas regras de jogo. Al\u00e9m disso, apresentamos sugoroku ilustrados por renomados artistas como Utagawa Hiroshige e Utagawa Kunisada (Toyokuni III), que encantam tamb\u00e9m pela beleza de suas imagens, revelando a rica e variada est\u00e9tica do universo do ukiyo-e sugoroku.\n<\/p>\n<\/div>\n<div class=\"itemArea\">\n<!--\u6771\u6d77\u9053\u4e94\u5341\u4e09\u6b21\u30b3\u30fc\u30ca\u30fc--><\/p>\n<div class=\"itemBox muchigh col-xs-12 col-sm-4 col-md-3\" style=\"height: 327px;\">\n<h5>Esquina da s\u00e9rie 53 Esta\u00e7\u00f5es Postais de Toukaidou<\/h5>\n<p class=\"imgbox\"><img decoding=\"async\" id=\"collections-toukai-img\" src=\"\/resources\/material-None\/image-1_fcl82eb.jpg\" alt=\"\"><\/p>\n<p id=\"collections-toukai-p\">Sugoroku: Jogo de Tabuleiro de Viagem pelas Cinquenta e Tr\u00eas Esta\u00e7\u00f5es do T\u014dkaid\u014d Atrav\u00e9s da Poesia<\/div>\n<p><!--\u85e4\u6ca2\u5bbf\u30b3\u30fc\u30ca\u30fc--><\/p>\n<div class=\"itemBox muchigh col-xs-12 col-sm-4 col-md-3\" style=\"height: 327px;\">\n<h5>Esquina da estalagem Fujisawa<\/h5>\n<p class=\"imgbox\"><img decoding=\"async\" id=\"collections-hujisawa-img\" src=\"\/resources\/i\/materials\/220\/resources\/cIo2UsG8.jpg\" border=\"0\" alt=\"\"><\/p>\n<p id=\"collections-hujisawa-p\">Sugotoku da s\u00e9rie As Cinquenta e tr\u00eas Esta\u00e7\u00f5es do Tokaido<\/div>\n<p><!--\u6c5f\u306e\u5cf6\u30b3\u30fc\u30ca\u30fc--><\/p>\n<div class=\"itemBox muchigh col-xs-12 col-sm-4 col-md-3\" style=\"height: 327px;\">\n<h5>Canto de Enoshima<\/h5>\n<p class=\"imgbox\"><img decoding=\"async\" id=\"collections-enoshima-img\" src=\"\/resources\/material-None\/image-1_nmHXbom.png\" border=\"0\" alt=\"\"><\/p>\n<p id=\"collections-enoshima-p\">As Sete Divindades da Boa Fortuna num Barco com Letra de Can\u00e7\u00e3o N\u00e1utica<\/div>\n<p><!--\u4f01\u753b\u5c55\u793a\u30b3\u30fc\u30ca\u30fc--><\/p>\n<div class=\"itemBox muchigh col-xs-12 col-sm-4 col-md-3\" style=\"\">\n<h5>Canto de exposi\u00e7\u00e3o especial<\/h5>\n<p class=\"imgbox\"><img decoding=\"async\" id=\"collections-kikaku-img\" src=\"\/resources\/material-None\/image-1_OokDtkB.png\" border=\"0\" alt=\"\"><\/p>\n<p id=\"collections-kikaku-p\">Jogos de tabuleiro Sugoroku de locais famosos do mundo<\/div>\n<\/div>\n<p><a href=\"\/f\/archive-pt\"><button type=\"button\" class=\"btnnex\">O Arquivo da Exposi\u00e7\u00e3o<\/button><\/a><\/p>\n<\/div>\n<\/div>\n<\/div>\n<\/section>\n","protected":false},"excerpt":{"rendered":"<p>HOME Introdu\u00e7\u00e3o ao conte\u00fado da exposi\u00e7\u00e3o Ukiyo-e Sugoroku: THE WORLD Conte\u00fado da exposi\u00e7\u00e3o O sugoroku, um jogo [&hellip;]<\/p>\n","protected":false},"author":1,"featured_media":0,"parent":0,"menu_order":0,"comment_status":"closed","ping_status":"closed","template":"page-pt.php","meta":{"footnotes":""},"class_list":["post-4146","page","type-page","status-publish","hentry"],"_links":{"self":[{"href":"https:\/\/fujisawa-ukiyoekan.net\/f\/wp-json\/wp\/v2\/pages\/4146","targetHints":{"allow":["GET"]}}],"collection":[{"href":"https:\/\/fujisawa-ukiyoekan.net\/f\/wp-json\/wp\/v2\/pages"}],"about":[{"href":"https:\/\/fujisawa-ukiyoekan.net\/f\/wp-json\/wp\/v2\/types\/page"}],"author":[{"embeddable":true,"href":"https:\/\/fujisawa-ukiyoekan.net\/f\/wp-json\/wp\/v2\/users\/1"}],"replies":[{"embeddable":true,"href":"https:\/\/fujisawa-ukiyoekan.net\/f\/wp-json\/wp\/v2\/comments?post=4146"}],"version-history":[{"count":1,"href":"https:\/\/fujisawa-ukiyoekan.net\/f\/wp-json\/wp\/v2\/pages\/4146\/revisions"}],"predecessor-version":[{"id":4147,"href":"https:\/\/fujisawa-ukiyoekan.net\/f\/wp-json\/wp\/v2\/pages\/4146\/revisions\/4147"}],"wp:attachment":[{"href":"https:\/\/fujisawa-ukiyoekan.net\/f\/wp-json\/wp\/v2\/media?parent=4146"}],"curies":[{"name":"wp","href":"https:\/\/api.w.org\/{rel}","templated":true}]}}