{"id":3906,"date":"2025-12-17T13:11:38","date_gmt":"2025-12-17T04:11:38","guid":{"rendered":"https:\/\/fujisawa-ukiyoekan.net\/f\/?page_id=3906"},"modified":"2026-02-25T13:18:53","modified_gmt":"2026-02-25T04:18:53","slug":"collections-22-fr","status":"publish","type":"page","link":"https:\/\/fujisawa-ukiyoekan.net\/f\/collections-22-fr\/","title":{"rendered":"\u5c55\u793a\u5185\u5bb9\u7d39\u4ecb\u3000\u9ed2\u8239\u6765\u822a\uff0d\u5e55\u672b\u30fb\u660e\u6cbb\u306e\u6d6e\u4e16\u7d75\uff0d\uff08\u30d5\u30e9\u30f3\u30b9\u8a9e\uff09"},"content":{"rendered":"<section id=\"top\" class=\"bc-section\">\n<div class=\"container\">\n<ol class=\"breadcrumb\">\n<li><a href=\"\/f\/home\">HOME<\/a><\/li>\n<li class=\"active\">Introduction \u00e0 l&#8217;exposition<\/li>\n<\/ol>\n<\/div>\n<\/section>\n<section id=\"txt\" class=\"home-section\">\n<div class=\"container\">\n<div class=\"row\">\n<div class=\"txtArea\">\n<h3 id=\"collections-title\">Arriv\u00e9e des Navires Noirs \u2013 l\u2019Ukiyo-e de la fin de l\u2019\u00e8re Edo \u00e0 l\u2019\u00e8re Meiji &#8211;<\/h3>\n<h4>Introduction \u00e0 l&#8217;exposition<\/h4>\n<div class=\"txtBox\">\n<p id=\"collections-p\">L&#8217;arriv\u00e9e des Navires Noirs au Japon en 1853 fut \u00e0 l\u2019origine d\u2019importants bouleversements pour le shogunat Tokugawa. Cet \u00e9v\u00e9nement plongea le Japon dans une p\u00e9riode de r\u00e9voltes et de r\u00e9pressions entra\u00eenant la restauration Meiji et l\u2019ouverture progressive du pays sur le monde. De la fin de l\u2019\u00e8re Edo jusqu\u2019\u00e0 l\u2019\u00e8re Meiji, de nouvelles vari\u00e9t\u00e9s d\u2019estampes ukiyo-e \u00e9merg\u00e8rent, notamment les \u00ab Yokohama-e \u00bb repr\u00e9sentant des sc\u00e8nes et paysages \u00e9trangers, mais aussi des caricatures qui portaient un regard satirique sur cette \u00e9poque de grands changements. Cette exposition pr\u00e9sente des estampes ukiyo-e aux expressions et styles vari\u00e9s en plein c\u0153ur d\u2019une soci\u00e9t\u00e9 en pleine mutation.\n<\/p>\n<\/div>\n<div class=\"itemArea\">\n<!--\u6771\u6d77\u9053\u4e94\u5341\u4e09\u6b21\u30b3\u30fc\u30ca\u30fc--><\/p>\n<div class=\"itemBox muchigh col-xs-12 col-sm-4 col-md-3\" style=\"height: 327px;\">\n<h5>Coin de s\u00e9rie \u00ab Les Cinquante-trois Relais du T\u014dkaid\u014d \u00bb<\/h5>\n<p class=\"imgbox\"><img decoding=\"async\" id=\"collections-toukai-img\" src=\"\/resources\/material-None\/image-1_yHDMNvy.jpg\" alt=\"\"><\/p>\n<p id=\"collections-toukai-p\">Uraga Kakoizu (Carte de d\u00e9fense militaire d&#8217;Uraga)<\/div>\n<p><!--\u85e4\u6ca2\u5bbf\u30b3\u30fc\u30ca\u30fc--><\/p>\n<div class=\"itemBox muchigh col-xs-12 col-sm-4 col-md-3\" style=\"height: 327px;\">\n<h5>Coin de l&#8217;auberge Fujisawa<\/h5>\n<p class=\"imgbox\"><img decoding=\"async\" id=\"collections-hujisawa-img\" src=\"\/resources\/i\/materials\/220\/resources\/uki10464.jpg\" border=\"0\" alt=\"\"><\/p>\n<p id=\"collections-hujisawa-p\">Yokohama, dans le district de Kanagawa, extrait de la s\u00e9rie \u00ab Les cinquante-trois stations de la route du T\u014dkaid\u014d \u00bb<\/div>\n<p><!--\u6c5f\u306e\u5cf6\u30b3\u30fc\u30ca\u30fc--><\/p>\n<div class=\"itemBox muchigh col-xs-12 col-sm-4 col-md-3\" style=\"height: 327px;\">\n<h5>Coin Enoshima<\/h5>\n<p class=\"imgbox\"><img decoding=\"async\" id=\"collections-enoshima-img\" src=\"\/resources\/i\/materials\/220\/resources\/uki10082.jpg\" border=\"0\" alt=\"\"><\/p>\n<p id=\"collections-enoshima-p\">P\u00e8lerinage au sanctuaire d&#8217;Enoshima pendant le festival Daimy\u014djin : Tokiwazu Women&#8217;s Party<\/div>\n<p><!--\u4f01\u753b\u5c55\u793a\u30b3\u30fc\u30ca\u30fc--><\/p>\n<div class=\"itemBox muchigh col-xs-12 col-sm-4 col-md-3\" style=\"\">\n<h5>Coin des expositions sp\u00e9ciales<\/h5>\n<p class=\"imgbox\"><img decoding=\"async\" id=\"collections-kikaku-img\" src=\"\/resources\/material-None\/image-1_BprDOyp.jpg\" border=\"0\" alt=\"\"><\/p>\n<p id=\"collections-kikaku-p\">Jeu de soci\u00e9t\u00e9 Sugoroku comm\u00e9morant la tourn\u00e9e de l&#8217;empereur dans les r\u00e9gions de Hokuriku et T\u014dkai.<\/div>\n<\/div>\n<p><a href=\"\/f\/archive-fr\"><button type=\"button\" class=\"btnnex\">Les archives de l&#8217;exposition<\/button><\/a><\/p>\n<\/div>\n<\/div>\n<\/div>\n<\/section>\n","protected":false},"excerpt":{"rendered":"<p>HOME Introduction \u00e0 l&#8217;exposition Arriv\u00e9e des Navires Noirs \u2013 l\u2019Ukiyo-e de la fin de l\u2019\u00e8re Edo \u00e0 l\u2019\u00e8re Me [&hellip;]<\/p>\n","protected":false},"author":1,"featured_media":0,"parent":0,"menu_order":0,"comment_status":"closed","ping_status":"closed","template":"page-fr.php","meta":{"footnotes":""},"class_list":["post-3906","page","type-page","status-publish","hentry"],"_links":{"self":[{"href":"https:\/\/fujisawa-ukiyoekan.net\/f\/wp-json\/wp\/v2\/pages\/3906","targetHints":{"allow":["GET"]}}],"collection":[{"href":"https:\/\/fujisawa-ukiyoekan.net\/f\/wp-json\/wp\/v2\/pages"}],"about":[{"href":"https:\/\/fujisawa-ukiyoekan.net\/f\/wp-json\/wp\/v2\/types\/page"}],"author":[{"embeddable":true,"href":"https:\/\/fujisawa-ukiyoekan.net\/f\/wp-json\/wp\/v2\/users\/1"}],"replies":[{"embeddable":true,"href":"https:\/\/fujisawa-ukiyoekan.net\/f\/wp-json\/wp\/v2\/comments?post=3906"}],"version-history":[{"count":2,"href":"https:\/\/fujisawa-ukiyoekan.net\/f\/wp-json\/wp\/v2\/pages\/3906\/revisions"}],"predecessor-version":[{"id":4053,"href":"https:\/\/fujisawa-ukiyoekan.net\/f\/wp-json\/wp\/v2\/pages\/3906\/revisions\/4053"}],"wp:attachment":[{"href":"https:\/\/fujisawa-ukiyoekan.net\/f\/wp-json\/wp\/v2\/media?parent=3906"}],"curies":[{"name":"wp","href":"https:\/\/api.w.org\/{rel}","templated":true}]}}