{"id":3557,"date":"2025-07-07T10:05:09","date_gmt":"2025-07-07T01:05:09","guid":{"rendered":"https:\/\/fujisawa-ukiyoekan.net\/f\/?page_id=3557"},"modified":"2026-02-25T13:24:55","modified_gmt":"2026-02-25T04:24:55","slug":"collections-19-en","status":"publish","type":"page","link":"https:\/\/fujisawa-ukiyoekan.net\/f\/collections-19-en\/","title":{"rendered":"\u5c55\u793a\u5185\u5bb9\u7d39\u4ecb\u3000\u6771\u6d77\u9053\u4e2d\u819d\u6817\u6bdb\u3000\u6c5f\u6238\u306e\u30b3\u30e1\u30c7\u30a3\u30a2\u30f3\u5f25\u6b21\u3055\u3093\u559c\u591a\u3055\u3093\uff08\u82f1\u8a9e\uff09"},"content":{"rendered":"<section id=\"top\" class=\"bc-section\">\n<div class=\"container\">\n<ol class=\"breadcrumb\">\n<li><a href=\"\/f\/home\">HOME<\/a><\/li>\n<li class=\"active\">Exhibition Contents<\/li>\n<\/ol>\n<\/div>\n<\/section>\n<section id=\"txt\" class=\"home-section\">\n<div class=\"container\">\n<div class=\"row\">\n<div class=\"txtArea\">\n<h3 id=\"collections-title\">T\u014dkaid\u014dch\u016b Hizakurige \u2015 Comedians of the Edo: Yaji and Kita<\/h3>\n<h4>Exhibition Contents<\/h4>\n<div class=\"txtBox\">\n<p id=\"collections-p\">\u201cT\u014dkaid\u014dch\u016b Hizakurige,\u201d a comedic novel written by Jippensha Ikku, was one of the bestsellers during the Edo period. This novel sparked interest in travel along the T\u014dkaid\u014d highway, delighting people during the Edo period with the humorous adventures of Yaji and Kita, as well as the local specialties and famous sights featured along the route. This exhibition features ukiyo-e prints and illustrated books inspired by the popularity of T\u014dkaid\u014dch\u016b Hizakurige, including \u201cT\u014dkaid\u014dch\u016b Kurige no Yajiuma\u201d written by Ochiai Yoshiiku.<\/p>\n<\/div>\n<div class=\"itemArea\">\n<!--\u6771\u6d77\u9053\u4e94\u5341\u4e09\u6b21\u30b3\u30fc\u30ca\u30fc--><\/p>\n<div class=\"itemBox muchigh col-xs-12 col-sm-4 col-md-3\" style=\"height: 327px;\">\n<h5>The series Fifty-three Stations of the Toukaidou Corner<\/h5>\n<p class=\"imgbox\"><img decoding=\"async\" id=\"collections-toukai-img\" src=\"\/resources\/i\/materials\/220\/resources\/DiqmZWMP.jpg\" alt=\"\"><\/p>\n<p id=\"collections-toukai-p\">The Pictures of Comical Shank\u2019s Mare Tour of the Fifty-three Stations (Sugoroku)<\/div>\n<p><!--\u85e4\u6ca2\u5bbf\u30b3\u30fc\u30ca\u30fc--><\/p>\n<div class=\"itemBox muchigh col-xs-12 col-sm-4 col-md-3\" style=\"height: 327px;\">\n<h5>Fujisawa Inn Corner<\/h5>\n<p class=\"imgbox\"><img decoding=\"async\" id=\"collections-hujisawa-img\" src=\"\/resources\/material-2729\/image-1.jpg\" border=\"0\" alt=\"\"><\/p>\n<p id=\"collections-hujisawa-p\">Souvenir of Enoshima<\/div>\n<p><!--\u6c5f\u306e\u5cf6\u30b3\u30fc\u30ca\u30fc--><\/p>\n<div class=\"itemBox muchigh col-xs-12 col-sm-4 col-md-3\" style=\"height: 327px;\">\n<h5>Enoshima Corner<\/h5>\n<p class=\"imgbox\"><img decoding=\"async\" id=\"collections-enoshima-img\" src=\"\/resources\/i\/materials\/220\/resources\/uki10648.jpg\" border=\"0\" alt=\"\"><\/p>\n<p id=\"collections-enoshima-p\">Fujisawa, from the series \u201cToukai-douchu Kurige-no Yajiuma (Shank\u2019s Mare : Tour of the Toukaidou Highway)\u201d<\/div>\n<p><!--\u4f01\u753b\u5c55\u793a\u30b3\u30fc\u30ca\u30fc--><\/p>\n<div class=\"itemBox muchigh col-xs-12 col-sm-4 col-md-3\" style=\"\">\n<h5>Special Exhibition Corner<\/h5>\n<p class=\"imgbox\"><img decoding=\"async\" id=\"collections-kikaku-img\" src=\"\/resources\/i\/materials\/220\/resources\/uki10697.jpg\" border=\"0\" alt=\"\"><\/p>\n<p id=\"collections-kikaku-p\">Kyoto, from the series \u201cToukai-douchu Kurige-no Yajiuma (Shank\u2019s Mare : Tour of the Toukaidou Highway)\u201d<\/div>\n<\/div>\n<p><a href=\"\/f\/archive-en\"><button type=\"button\" class=\"btnnex\">The Exhibition Archive<\/button><\/a><\/p>\n<\/div>\n<\/div>\n<\/div>\n<\/section>\n","protected":false},"excerpt":{"rendered":"<p>HOME Exhibition Contents T\u014dkaid\u014dch\u016b Hizakurige \u2015 Comedians of the Edo: Yaji and Kita Exhibition Contents \u201cT\u014dka [&hellip;]<\/p>\n","protected":false},"author":1,"featured_media":0,"parent":0,"menu_order":0,"comment_status":"closed","ping_status":"closed","template":"page-en.php","meta":{"footnotes":""},"class_list":["post-3557","page","type-page","status-publish","hentry"],"_links":{"self":[{"href":"https:\/\/fujisawa-ukiyoekan.net\/f\/wp-json\/wp\/v2\/pages\/3557","targetHints":{"allow":["GET"]}}],"collection":[{"href":"https:\/\/fujisawa-ukiyoekan.net\/f\/wp-json\/wp\/v2\/pages"}],"about":[{"href":"https:\/\/fujisawa-ukiyoekan.net\/f\/wp-json\/wp\/v2\/types\/page"}],"author":[{"embeddable":true,"href":"https:\/\/fujisawa-ukiyoekan.net\/f\/wp-json\/wp\/v2\/users\/1"}],"replies":[{"embeddable":true,"href":"https:\/\/fujisawa-ukiyoekan.net\/f\/wp-json\/wp\/v2\/comments?post=3557"}],"version-history":[{"count":2,"href":"https:\/\/fujisawa-ukiyoekan.net\/f\/wp-json\/wp\/v2\/pages\/3557\/revisions"}],"predecessor-version":[{"id":4116,"href":"https:\/\/fujisawa-ukiyoekan.net\/f\/wp-json\/wp\/v2\/pages\/3557\/revisions\/4116"}],"wp:attachment":[{"href":"https:\/\/fujisawa-ukiyoekan.net\/f\/wp-json\/wp\/v2\/media?parent=3557"}],"curies":[{"name":"wp","href":"https:\/\/api.w.org\/{rel}","templated":true}]}}