{"id":3545,"date":"2025-07-07T10:00:05","date_gmt":"2025-07-07T01:00:05","guid":{"rendered":"https:\/\/fujisawa-ukiyoekan.net\/f\/?page_id=3545"},"modified":"2026-02-25T13:25:08","modified_gmt":"2026-02-25T04:25:08","slug":"collections-19-fr","status":"publish","type":"page","link":"https:\/\/fujisawa-ukiyoekan.net\/f\/collections-19-fr\/","title":{"rendered":"\u5c55\u793a\u5185\u5bb9\u7d39\u4ecb\u3000\u6771\u6d77\u9053\u4e2d\u819d\u6817\u6bdb\u3000\u6c5f\u6238\u306e\u30b3\u30e1\u30c7\u30a3\u30a2\u30f3\u5f25\u6b21\u3055\u3093\u559c\u591a\u3055\u3093\uff08\u30d5\u30e9\u30f3\u30b9\u8a9e\uff09"},"content":{"rendered":"<section id=\"top\" class=\"bc-section\">\n<div class=\"container\">\n<ol class=\"breadcrumb\">\n<li><a href=\"\/f\/home-fr\">HOME<\/a><\/li>\n<li class=\"active\">Introduction \u00e0 l&#8217;exposition<\/li>\n<\/ol>\n<\/div>\n<\/section>\n<section id=\"txt\" class=\"home-section\">\n<div class=\"container\">\n<div class=\"row\">\n<div class=\"txtArea\">\n<h3 id=\"collections-title\">\u00c0 pied sur le T\u014dkaid\u014d : les deux comp\u00e8res Yaji et Kita \u00e0 Edo<\/h3>\n<h4><ruby>Introduction \u00e0 l&#8217;exposition<\/h4>\n<div class=\"txtBox\">\n<p id=\"collections-p\">Le roman et best-seller \u00ab \u00c0 pied sur le T\u014dkaid\u014d \u00bb \u00e9crit par Jippensha Ikku connut un succ\u00e8s consid\u00e9rable \u00e0 l\u2019\u00e8re Edo, qui se traduisit par une explosion des voyages le long de la route du T\u014dkaid\u014d. Les gens du peuple furent conquis par les aventures de Yaji et Kita, et notamment par les sp\u00e9cialit\u00e9s locales et lieux c\u00e9l\u00e8bres du T\u014dkaid\u014d d\u00e9peints tout au long de l\u2019\u0153uvre. Cette exposition pr\u00e9sente des estampes ukiyo-e et des gravures sur bois, dont \u00ab \u00c0 pied et \u00e0 cheval sur le T\u014dkaid\u014d \u00bb de Yoshiiku Ochiai, une version d\u00e9riv\u00e9e du tr\u00e8s populaire \u00ab \u00c0 pied sur le T\u014dkaid\u014d \u00bb.<\/p>\n<\/div>\n<div class=\"itemArea\">\n<!--\u6771\u6d77\u9053\u4e94\u5341\u4e09\u6b21\u30b3\u30fc\u30ca\u30fc--><\/p>\n<div class=\"itemBox muchigh col-xs-12 col-sm-4 col-md-3\" style=\"height: 327px;\">\n<h5>Coin de s\u00e9rie \u00ab Les Cinquante-trois Relais du T\u014dkaid\u014d \u00bb<\/h5>\n<p class=\"imgbox\"><img decoding=\"async\" id=\"collections-toukai-img\" src=\"\/resources\/i\/materials\/220\/resources\/DiqmZWMP.jpg\" alt=\"\"><\/p>\n<p id=\"collections-toukai-p\">Images du voyage comique de Shank et de sa jument en cinquante-trois \u00e9tapes (Sugoroku)<\/div>\n<p><!--\u85e4\u6ca2\u5bbf\u30b3\u30fc\u30ca\u30fc--><\/p>\n<div class=\"itemBox muchigh col-xs-12 col-sm-4 col-md-3\" style=\"height: 327px;\">\n<h5>Coin de l&#8217;auberge Fujisawa<\/h5>\n<p class=\"imgbox\"><img decoding=\"async\" id=\"collections-hujisawa-img\" src=\"\/resources\/material-2729\/image-1.jpg\" border=\"0\" alt=\"\"><\/p>\n<p id=\"collections-hujisawa-p\">Souvenir d&#8217;Enoshima<\/div>\n<p><!--\u6c5f\u306e\u5cf6\u30b3\u30fc\u30ca\u30fc--><\/p>\n<div class=\"itemBox muchigh col-xs-12 col-sm-4 col-md-3\" style=\"height: 327px;\">\n<h5>Coin Enoshima<\/h5>\n<p class=\"imgbox\"><img decoding=\"async\" id=\"collections-enoshima-img\" src=\"\/resources\/i\/materials\/220\/resources\/uki10648.jpg\" border=\"0\" alt=\"\"><\/p>\n<p id=\"collections-enoshima-p\">Fujisawa, de la s\u00e9rie \u00ab Toukai-douchu Kurige-no Yajiuma (Shank&#8217;s Mare : Tour of the Toukaidou Highway) \u00bb<\/div>\n<p><!--\u4f01\u753b\u5c55\u793a\u30b3\u30fc\u30ca\u30fc--><\/p>\n<div class=\"itemBox muchigh col-xs-12 col-sm-4 col-md-3\" style=\"\">\n<h5>Coin des expositions sp\u00e9ciales<\/h5>\n<p class=\"imgbox\"><img decoding=\"async\" id=\"collections-kikaku-img\" src=\"\/resources\/i\/materials\/220\/resources\/uki10697.jpg\" border=\"0\" alt=\"\"><\/p>\n<p id=\"collections-kikaku-p\">Kyoto, de la s\u00e9rie \u00ab Toukai-douchu Kurige-no Yajiuma (La jument de Shank : visite de la route de Toukaidou) \u00bb<\/div>\n<\/div>\n<p><a href=\"\/f\/archive-en\"><button type=\"button\" class=\"btnnex\">Les archives de l&#8217;exposition<\/button><\/a><\/p>\n<\/div>\n<\/div>\n<\/div>\n<\/section>\n","protected":false},"excerpt":{"rendered":"<p>HOME Introduction \u00e0 l&#8217;exposition \u00c0 pied sur le T\u014dkaid\u014d : les deux comp\u00e8res Yaji et Kita \u00e0 Edo Introducti [&hellip;]<\/p>\n","protected":false},"author":1,"featured_media":0,"parent":0,"menu_order":0,"comment_status":"closed","ping_status":"closed","template":"page-fr.php","meta":{"footnotes":""},"class_list":["post-3545","page","type-page","status-publish","hentry"],"_links":{"self":[{"href":"https:\/\/fujisawa-ukiyoekan.net\/f\/wp-json\/wp\/v2\/pages\/3545","targetHints":{"allow":["GET"]}}],"collection":[{"href":"https:\/\/fujisawa-ukiyoekan.net\/f\/wp-json\/wp\/v2\/pages"}],"about":[{"href":"https:\/\/fujisawa-ukiyoekan.net\/f\/wp-json\/wp\/v2\/types\/page"}],"author":[{"embeddable":true,"href":"https:\/\/fujisawa-ukiyoekan.net\/f\/wp-json\/wp\/v2\/users\/1"}],"replies":[{"embeddable":true,"href":"https:\/\/fujisawa-ukiyoekan.net\/f\/wp-json\/wp\/v2\/comments?post=3545"}],"version-history":[{"count":2,"href":"https:\/\/fujisawa-ukiyoekan.net\/f\/wp-json\/wp\/v2\/pages\/3545\/revisions"}],"predecessor-version":[{"id":4120,"href":"https:\/\/fujisawa-ukiyoekan.net\/f\/wp-json\/wp\/v2\/pages\/3545\/revisions\/4120"}],"wp:attachment":[{"href":"https:\/\/fujisawa-ukiyoekan.net\/f\/wp-json\/wp\/v2\/media?parent=3545"}],"curies":[{"name":"wp","href":"https:\/\/api.w.org\/{rel}","templated":true}]}}