{"id":3431,"date":"2025-05-14T09:36:49","date_gmt":"2025-05-14T00:36:49","guid":{"rendered":"https:\/\/fujisawa-ukiyoekan.net\/f\/?page_id=3431"},"modified":"2026-02-25T13:22:39","modified_gmt":"2026-02-25T04:22:39","slug":"collections-18-en","status":"publish","type":"page","link":"https:\/\/fujisawa-ukiyoekan.net\/f\/collections-18-en\/","title":{"rendered":"\u5c55\u793a\u5185\u5bb9\u7d39\u4ecb\u3000\u6d6e\u4e16\u7d75\u3067\u3081\u3050\u308b\u660e\u6cbb\u306e\u6771\u6d77\u9053\u3068\u85e4\u6ca2\u3000\u6771\u6d77\u540d\u6240\u6539\u6b63\u9053\u4e2d\u8a18\uff08\u82f1\u8a9e\uff09"},"content":{"rendered":"<section id=\"top\" class=\"bc-section\">\n<div class=\"container\">\n<ol class=\"breadcrumb\">\n<li><a href=\"\/f\/home\">HOME<\/a><\/li>\n<li class=\"active\">Exhibition Contents<\/li>\n<\/ol>\n<\/div>\n<\/section>\n<section id=\"txt\" class=\"home-section\">\n<div class=\"container\">\n<div class=\"row\">\n<div class=\"txtArea\">\n<h3 id=\"collections-title\">A Look at Meiji Era Tokaido and Fujisawa through Ukiyo-e: Tokai Meisho Kaisei Dochuki<\/h3>\n<h4>Exhibition Contents<\/h4>\n<div class=\"txtBox\">\n<p id=\"collections-p\">The Tokaido Road was depicted in various ways during the Edo Period, and then was influenced greatly by foreign culture once the Meiji Era arrived. Ukiyo-e and other art reflected this, depicting the Tokaido\u2019s rapid change of scenery. In particular, Hiroshige III\u2019s magnum opus Tokai Meisho Kaisei Dochuki (Newly Edited Travel Journal of Famous Places of the Tokaido) is recognized as a masterpiece that vividly depicts how the Tokaido rapidly changed in the Meiji Era.<br \/>\nThis exhibition introduces those changes through all sixty works of the Tokai Meisho Kaisei Dochuki, as well as through other ukiyo-e, illustrations, copperplate prints and photographs.<\/p>\n<\/div>\n<div class=\"itemArea\">\n<!--\u6771\u6d77\u9053\u4e94\u5341\u4e09\u6b21\u30b3\u30fc\u30ca\u30fc--><\/p>\n<div class=\"itemBox muchigh col-xs-12 col-sm-4 col-md-3\" style=\"height: 327px;\">\n<h5>The series Fifty-three Stations of the Toukaidou Corner<\/h5>\n<p class=\"imgbox\"><img decoding=\"async\" id=\"collections-toukai-img\" src=\"\/resources\/i\/materials\/220\/resources\/uki10522.jpg\" alt=\"\"><\/p>\n<p id=\"collections-toukai-p\">Revised Famous Views Along the T\u014dkai No.2: Shiodome Freight Terminal, Shinbashi<\/div>\n<p><!--\u85e4\u6ca2\u5bbf\u30b3\u30fc\u30ca\u30fc--><\/p>\n<div class=\"itemBox muchigh col-xs-12 col-sm-4 col-md-3\" style=\"height: 327px;\">\n<h5>Fujisawa Inn Corner<\/h5>\n<p class=\"imgbox\"><img decoding=\"async\" id=\"collections-hujisawa-img\" src=\"\/resources\/i\/materials\/220\/resources\/uki10535.jpg\" border=\"0\" alt=\"\"><\/p>\n<p id=\"collections-hujisawa-p\">Revised Famous Views Along the T\u014dkai No.15: Fuji Swamp, Hara<\/div>\n<p><!--\u6c5f\u306e\u5cf6\u30b3\u30fc\u30ca\u30fc--><\/p>\n<div class=\"itemBox muchigh col-xs-12 col-sm-4 col-md-3\" style=\"height: 327px;\">\n<h5>Enoshima Corner<\/h5>\n<p class=\"imgbox\"><img decoding=\"async\" id=\"collections-enoshima-img\" src=\"\/resources\/i\/materials\/220\/resources\/4oDkjQbH.jpg\" border=\"0\" alt=\"\"><\/p>\n<p id=\"collections-enoshima-p\">Famous Views in Japan: Enoshima<\/div>\n<p><!--\u4f01\u753b\u5c55\u793a\u30b3\u30fc\u30ca\u30fc--><\/p>\n<div class=\"itemBox muchigh col-xs-12 col-sm-4 col-md-3\" style=\"\">\n<h5>Special Exhibition Corner<\/h5>\n<p class=\"imgbox\"><img decoding=\"async\" id=\"collections-kikaku-img\" src=\"\/resources\/i\/materials\/220\/resources\/uki10579.jpg\" border=\"0\" alt=\"\"><\/p>\n<p id=\"collections-kikaku-p\">Revised Famous Views Along the T\u014dkai No.58: \u014chashi Bridge at Sanj\u014d, Saiky\u014d<\/div>\n<\/div>\n<p><a href=\"\/f\/archive-en\"><button type=\"button\" class=\"btnnex\">The Exhibition Archive<\/button><\/a><\/p>\n<\/div>\n<\/div>\n<\/div>\n<\/section>\n","protected":false},"excerpt":{"rendered":"<p>HOME Exhibition Contents A Look at Meiji Era Tokaido and Fujisawa through Ukiyo-e: Tokai Meisho Kaisei Dochuki [&hellip;]<\/p>\n","protected":false},"author":1,"featured_media":0,"parent":0,"menu_order":0,"comment_status":"closed","ping_status":"closed","template":"page-en.php","meta":{"footnotes":""},"class_list":["post-3431","page","type-page","status-publish","hentry"],"_links":{"self":[{"href":"https:\/\/fujisawa-ukiyoekan.net\/f\/wp-json\/wp\/v2\/pages\/3431","targetHints":{"allow":["GET"]}}],"collection":[{"href":"https:\/\/fujisawa-ukiyoekan.net\/f\/wp-json\/wp\/v2\/pages"}],"about":[{"href":"https:\/\/fujisawa-ukiyoekan.net\/f\/wp-json\/wp\/v2\/types\/page"}],"author":[{"embeddable":true,"href":"https:\/\/fujisawa-ukiyoekan.net\/f\/wp-json\/wp\/v2\/users\/1"}],"replies":[{"embeddable":true,"href":"https:\/\/fujisawa-ukiyoekan.net\/f\/wp-json\/wp\/v2\/comments?post=3431"}],"version-history":[{"count":2,"href":"https:\/\/fujisawa-ukiyoekan.net\/f\/wp-json\/wp\/v2\/pages\/3431\/revisions"}],"predecessor-version":[{"id":4090,"href":"https:\/\/fujisawa-ukiyoekan.net\/f\/wp-json\/wp\/v2\/pages\/3431\/revisions\/4090"}],"wp:attachment":[{"href":"https:\/\/fujisawa-ukiyoekan.net\/f\/wp-json\/wp\/v2\/media?parent=3431"}],"curies":[{"name":"wp","href":"https:\/\/api.w.org\/{rel}","templated":true}]}}