{"id":3419,"date":"2025-05-14T09:32:31","date_gmt":"2025-05-14T00:32:31","guid":{"rendered":"https:\/\/fujisawa-ukiyoekan.net\/f\/?page_id=3419"},"modified":"2026-02-25T13:22:55","modified_gmt":"2026-02-25T04:22:55","slug":"collections-18-fr","status":"publish","type":"page","link":"https:\/\/fujisawa-ukiyoekan.net\/f\/collections-18-fr\/","title":{"rendered":"\u5c55\u793a\u5185\u5bb9\u7d39\u4ecb\u3000\u6d6e\u4e16\u7d75\u3067\u3081\u3050\u308b\u660e\u6cbb\u306e\u6771\u6d77\u9053\u3068\u85e4\u6ca2\u3000\u6771\u6d77\u540d\u6240\u6539\u6b63\u9053\u4e2d\u8a18\uff08\u30d5\u30e9\u30f3\u30b9\u8a9e\uff09"},"content":{"rendered":"<section id=\"top\" class=\"bc-section\">\n<div class=\"container\">\n<ol class=\"breadcrumb\">\n<li><a href=\"\/f\/home-fr\">HOME<\/a><\/li>\n<li class=\"active\">Introduction \u00e0 l&#8217;exposition<\/li>\n<\/ol>\n<\/div>\n<\/section>\n<section id=\"txt\" class=\"home-section\">\n<div class=\"container\">\n<div class=\"row\">\n<div class=\"txtArea\">\n<h3 id=\"collections-title\">Fujisawa et le T\u014dkaid\u014d sous Meiji se rencontrant dans les Ukiyo-e : Notes de voyages et r\u00e9visions des lieux du T\u014dkai<\/h3>\n<h4><ruby>Introduction \u00e0 l&#8217;exposition<\/h4>\n<div class=\"txtBox\">\n<p id=\"collections-p\">Le T\u014dkaid\u014d, dessin\u00e9 en grande vari\u00e9t\u00e9 \u00e0 l\u2019\u00e9poque d\u2019Edo, allait obtenir l\u2019influence culturelle de l\u2019ext\u00e9rieur en entrant dans Meiji et les paysages dessin\u00e9s allaient aussi rapidement \u00e9voluer. A l\u2019int\u00e9rieur aussi l\u2019\u0153uvre repr\u00e9sentative de Sandai Hiroshige \u00ab Notes de voyages et r\u00e9visions des lieux du T\u014dkai \u00bb est connue comme le chef-d\u2019\u0153uvre repr\u00e9sentant le T\u014dkaid\u014d en changement sous Meiji.<br \/>\nDans l\u2019exposition principale, nous pr\u00e9sentons aussi l\u2019\u00e9volution du T\u014dkaid\u014d sous Meiji avec toutes les 60 \u0153uvres des \u00ab Notes de voyages et r\u00e9visions des lieux du T\u014dkai \u00bb, en rapport avec notamment la photographie, la taille-douce, le diagramme d\u2019illustration ou les Ukiyo-e.<\/p>\n<\/div>\n<div class=\"itemArea\">\n<!--\u6771\u6d77\u9053\u4e94\u5341\u4e09\u6b21\u30b3\u30fc\u30ca\u30fc--><\/p>\n<div class=\"itemBox muchigh col-xs-12 col-sm-4 col-md-3\" style=\"height: 327px;\">\n<h5>Odawara \u2013 Iinuma No Katsugor\u014d\u00ab Les Cinquante-trois Relais du T\u014dkaid\u014d \u00bb<\/h5>\n<p class=\"imgbox\"><img decoding=\"async\" id=\"collections-toukai-img\" src=\"\/resources\/i\/materials\/220\/resources\/uki10522.jpg\" alt=\"\"><\/p>\n<p id=\"collections-toukai-p\">Vues c\u00e9l\u00e8bres r\u00e9vis\u00e9es le long du T\u014dkai n\u00b02 : terminal de fret de Shiodome, Shinbashi<\/div>\n<p><!--\u85e4\u6ca2\u5bbf\u30b3\u30fc\u30ca\u30fc--><\/p>\n<div class=\"itemBox muchigh col-xs-12 col-sm-4 col-md-3\" style=\"height: 327px;\">\n<h5>Tsuchiyama &#8211; Akogi Heiji\u00ab Les Cinquante-trois Relais du T\u014dkaid\u014d \u00bb<\/h5>\n<p class=\"imgbox\"><img decoding=\"async\" id=\"collections-hujisawa-img\" src=\"\/resources\/i\/materials\/220\/resources\/uki10535.jpg\" border=\"0\" alt=\"\"><\/p>\n<p id=\"collections-hujisawa-p\">Vues c\u00e9l\u00e8bres r\u00e9vis\u00e9es le long du T\u014dkai n\u00b015 : marais du Fuji, Hara<\/div>\n<p><!--\u6c5f\u306e\u5cf6\u30b3\u30fc\u30ca\u30fc--><\/p>\n<div class=\"itemBox muchigh col-xs-12 col-sm-4 col-md-3\" style=\"height: 327px;\">\n<h5>Coin Enoshima<\/h5>\n<p class=\"imgbox\"><img decoding=\"async\" id=\"collections-enoshima-img\" src=\"\/resources\/i\/materials\/220\/resources\/4oDkjQbH.jpg\" border=\"0\" alt=\"\"><\/p>\n<p id=\"collections-enoshima-p\">Vues c\u00e9l\u00e8bres au Japon : Enoshima<\/div>\n<p><!--\u4f01\u753b\u5c55\u793a\u30b3\u30fc\u30ca\u30fc--><\/p>\n<div class=\"itemBox muchigh col-xs-12 col-sm-4 col-md-3\" style=\"\">\n<h5>Coin des expositions sp\u00e9ciales<\/h5>\n<p class=\"imgbox\"><img decoding=\"async\" id=\"collections-kikaku-img\" src=\"\/resources\/i\/materials\/220\/resources\/uki10579.jpg\" border=\"0\" alt=\"\"><\/p>\n<p id=\"collections-kikaku-p\">Vues c\u00e9l\u00e8bres r\u00e9vis\u00e9es le long du T\u014dkai n\u00b0 58 : pont \u014chashi \u00e0 Sanj\u014d, Saiky\u014d<\/div>\n<\/div>\n<p><a href=\"\/f\/archive-en\"><button type=\"button\" class=\"btnnex\">Les archives de l&#8217;exposition<\/button><\/a><\/p>\n<\/div>\n<\/div>\n<\/div>\n<\/section>\n","protected":false},"excerpt":{"rendered":"<p>HOME Introduction \u00e0 l&#8217;exposition Fujisawa et le T\u014dkaid\u014d sous Meiji se rencontrant dans les Ukiyo-e : Not [&hellip;]<\/p>\n","protected":false},"author":1,"featured_media":0,"parent":0,"menu_order":0,"comment_status":"closed","ping_status":"closed","template":"page-fr.php","meta":{"footnotes":""},"class_list":["post-3419","page","type-page","status-publish","hentry"],"_links":{"self":[{"href":"https:\/\/fujisawa-ukiyoekan.net\/f\/wp-json\/wp\/v2\/pages\/3419","targetHints":{"allow":["GET"]}}],"collection":[{"href":"https:\/\/fujisawa-ukiyoekan.net\/f\/wp-json\/wp\/v2\/pages"}],"about":[{"href":"https:\/\/fujisawa-ukiyoekan.net\/f\/wp-json\/wp\/v2\/types\/page"}],"author":[{"embeddable":true,"href":"https:\/\/fujisawa-ukiyoekan.net\/f\/wp-json\/wp\/v2\/users\/1"}],"replies":[{"embeddable":true,"href":"https:\/\/fujisawa-ukiyoekan.net\/f\/wp-json\/wp\/v2\/comments?post=3419"}],"version-history":[{"count":2,"href":"https:\/\/fujisawa-ukiyoekan.net\/f\/wp-json\/wp\/v2\/pages\/3419\/revisions"}],"predecessor-version":[{"id":4094,"href":"https:\/\/fujisawa-ukiyoekan.net\/f\/wp-json\/wp\/v2\/pages\/3419\/revisions\/4094"}],"wp:attachment":[{"href":"https:\/\/fujisawa-ukiyoekan.net\/f\/wp-json\/wp\/v2\/media?parent=3419"}],"curies":[{"name":"wp","href":"https:\/\/api.w.org\/{rel}","templated":true}]}}