{"id":1693,"date":"2023-11-10T14:31:43","date_gmt":"2023-11-10T05:31:43","guid":{"rendered":"https:\/\/www.fujisawa-ukiyoekan.net\/f\/?page_id=1693"},"modified":"2026-03-05T16:48:46","modified_gmt":"2026-03-05T07:48:46","slug":"collections-es","status":"publish","type":"page","link":"https:\/\/fujisawa-ukiyoekan.net\/f\/collections-es\/","title":{"rendered":"\u5c55\u793a\u5185\u5bb9\u7d39\u4ecb\u3000\u5e83\u91cd\u306e\u72c2\u6b4c\u5165\u6771\u6d77\u9053\uff08\u30b9\u30da\u30a4\u30f3\u8a9e\uff09"},"content":{"rendered":"<section id=\"top\" class=\"bc-section\">\n<div class=\"container\">\n<ol class=\"breadcrumb\">\n<li><a href=\"\/f\/home\">HOME<\/a><\/li>\n<li class=\"active\">Introducci\u00f3n al contenido de la exposici\u00f3n<\/li>\n<\/ol>\n<\/div>\n<\/section>\n<section id=\"txt\" class=\"home-section\">\n<div class=\"container\">\n<div class=\"row\">\n<div class=\"txtArea\">\n<h3 id=\"collections-title\"> T\u014dkaid\u014d con ky\u014dka de Hiroshige<\/h3>\n<h4>Contenido de la exposici\u00f3n<\/h4>\n<div class=\"txtBox\">\n<p id=\"collections-p\"> Utagawa Hiroshige produjo m\u00e1s de 20 series de Las cincuenta y tres estaciones de T\u014dkaid\u014d en toda su vida. No solo la serie m\u00e1s representativa \u201cLas cincuenta y tres estaciones de T\u014dkaid\u014d (edici\u00f3n Hoeid\u014d)\u201d, otras series tambi\u00e9n muestran su creatividad y originalidad que no aburre al p\u00fablico. La serie \u201cT\u014dkaid\u014d con ky\u014dka\u201d presentada en esta exposici\u00f3n es una serie que incorpora el ky\u014dka o poema c\u00f3mico, que estaba de moda en el per\u00edodo Edo tard\u00edo, seg\u00fan las caracter\u00edsticas de cada estaci\u00f3n de la carretera T\u014dkaid\u014d.\n<\/p>\n<\/div>\n<div class=\"itemArea\">\n<!--\u6771\u6d77\u9053\u4e94\u5341\u4e09\u6b21\u30b3\u30fc\u30ca\u30fc--><\/p>\n<div class=\"itemBox muchigh col-xs-12 col-sm-4 col-md-3\" style=\"height: 327px;\">\n<h5>Rinc\u00f3n de la serie Las cincuenta y tres estaciones de Tokaido<\/h5>\n<p class=\"imgbox\"><img decoding=\"async\" id=\"collections-toukai-img\" src=\" \/resources\/i\/materials\/220\/resources\/uki10148.jpg\" alt=\"\"><\/p>\n<p id=\"collections-toukai-p\"> Fujisawa, de la serie &#8220;Cincuenta y tres estaciones del Toukaidou&#8221; (Viaje por el Toukaidou con poemas kyouka).<\/div>\n<p><!--\u85e4\u6ca2\u5bbf\u30b3\u30fc\u30ca\u30fc--><\/p>\n<div class=\"itemBox muchigh col-xs-12 col-sm-4 col-md-3\" style=\"height: 327px;\">\n<h5>Rinc\u00f3n de la posada Fujisawa<\/h5>\n<p class=\"imgbox\"><img decoding=\"async\" id=\"collections-hujisawa-img\" src=\" \/resources\/material-None\/image-1_0RKeAqT.png\" border=\"0\" alt=\"\"><\/p>\n<p id=\"collections-hujisawa-p\"> Vista de las cincuenta y tres estaciones de la carretera T\u014dkaid\u014d<\/div>\n<p><!--\u6c5f\u306e\u5cf6\u30b3\u30fc\u30ca\u30fc--><\/p>\n<div class=\"itemBox muchigh col-xs-12 col-sm-4 col-md-3\" style=\"height: 327px;\">\n<h5>Rinc\u00f3n de Enoshima<br \/><\/h5>\n<p class=\"imgbox\"><img decoding=\"async\" id=\"collections-enoshima-img\" src=\" \/resources\/i\/materials\/220\/resources\/uki10061.jpg\" border=\"0\" alt=\"\"><\/p>\n<p id=\"collections-enoshima-p\"> La imagen de la playa de Shichiri ga hama La vista de la isla de Enoshima<\/div>\n<p><!--\u4f01\u753b\u5c55\u793a\u30b3\u30fc\u30ca\u30fc--><\/p>\n<div class=\"itemBox muchigh col-xs-12 col-sm-4 col-md-3\" style=\"\">\n<h5>Rinc\u00f3n especial de exposiciones<\/h5>\n<p class=\"imgbox\"><img decoding=\"async\" id=\"collections-kikaku-img\" src=\" \/resources\/i\/materials\/220\/resources\/bGaNtTaz.jpg\" border=\"0\" alt=\"\"><\/p>\n<p id=\"collections-kikaku-p\"> Kyo: Imagen del puente Sanjo-Ohashi, de la serie \u201cCincuenta y tres estaciones del Tokaidou\u201d<\/div>\n<\/div>\n<p><a href=\"\/f\/collections-index-es\"><button type=\"button\" class=\"btnnex\">Colecci\u00f3n en l\u00ednea<\/button><\/a><br \/>\n<a href=\"\/f\/archive-es\"><button type=\"button\" class=\"btnnex\">Archivo de exposiciones<\/button><\/a><\/p>\n<\/div>\n<\/div>\n<\/div>\n<\/section>\n","protected":false},"excerpt":{"rendered":"<p>HOME Introducci\u00f3n al contenido de la exposici\u00f3n T\u014dkaid\u014d con ky\u014dka de Hiroshige Contenido de la exposici\u00f3n Utag [&hellip;]<\/p>\n","protected":false},"author":1,"featured_media":0,"parent":0,"menu_order":0,"comment_status":"closed","ping_status":"closed","template":"page-es.php","meta":{"footnotes":""},"class_list":["post-1693","page","type-page","status-publish","hentry"],"_links":{"self":[{"href":"https:\/\/fujisawa-ukiyoekan.net\/f\/wp-json\/wp\/v2\/pages\/1693","targetHints":{"allow":["GET"]}}],"collection":[{"href":"https:\/\/fujisawa-ukiyoekan.net\/f\/wp-json\/wp\/v2\/pages"}],"about":[{"href":"https:\/\/fujisawa-ukiyoekan.net\/f\/wp-json\/wp\/v2\/types\/page"}],"author":[{"embeddable":true,"href":"https:\/\/fujisawa-ukiyoekan.net\/f\/wp-json\/wp\/v2\/users\/1"}],"replies":[{"embeddable":true,"href":"https:\/\/fujisawa-ukiyoekan.net\/f\/wp-json\/wp\/v2\/comments?post=1693"}],"version-history":[{"count":50,"href":"https:\/\/fujisawa-ukiyoekan.net\/f\/wp-json\/wp\/v2\/pages\/1693\/revisions"}],"predecessor-version":[{"id":4170,"href":"https:\/\/fujisawa-ukiyoekan.net\/f\/wp-json\/wp\/v2\/pages\/1693\/revisions\/4170"}],"wp:attachment":[{"href":"https:\/\/fujisawa-ukiyoekan.net\/f\/wp-json\/wp\/v2\/media?parent=1693"}],"curies":[{"name":"wp","href":"https:\/\/api.w.org\/{rel}","templated":true}]}}