{"id":1691,"date":"2023-11-10T14:31:49","date_gmt":"2023-11-10T05:31:49","guid":{"rendered":"https:\/\/www.fujisawa-ukiyoekan.net\/f\/?page_id=1691"},"modified":"2026-03-05T16:49:21","modified_gmt":"2026-03-05T07:49:21","slug":"collections-fr","status":"publish","type":"page","link":"https:\/\/fujisawa-ukiyoekan.net\/f\/collections-fr\/","title":{"rendered":"\u5c55\u793a\u5185\u5bb9\u7d39\u4ecb\u3000\u5e83\u91cd\u306e\u72c2\u6b4c\u5165\u6771\u6d77\u9053\uff08\u30d5\u30e9\u30f3\u30b9\u8a9e\uff09"},"content":{"rendered":"<section id=\"top\" class=\"bc-section\">\n<div class=\"container\">\n<ol class=\"breadcrumb\">\n<li><a href=\"\/f\/home\">HOME<\/a><\/li>\n<li class=\"active\">Introduction \u00e0 l&#8217;exposition<\/li>\n<\/ol>\n<\/div>\n<\/section>\n<section id=\"txt\" class=\"home-section\">\n<div class=\"container\">\n<div class=\"row\">\n<div class=\"txtArea\">\n<h3 id=\"collections-title\"> Ky\u014dka T\u014dkaid\u014d de Hiroshige<\/h3>\n<h4>Introduction \u00e0 l&#8217;exposition<\/h4>\n<div class=\"txtBox\">\n<p id=\"collections-p\"> Au cours de sa vie, Utagawa Hiroshige a r\u00e9alis\u00e9 plus de 20 s\u00e9ries d\u2019estampes diff\u00e9rentes sur le th\u00e8me des cinquante-trois stations relais du T\u014dkaid\u014d. Outre son \u0153uvre phare \u00ab Les Cinquante-trois Relais du T\u014dkaid\u014d \u00bb de l\u2019\u00e9dition Hoeid\u014d, ses autres travaux regorgent \u00e9galement de cr\u00e9ativit\u00e9 et d\u2019ing\u00e9niosit\u00e9 qui continuent de fasciner quiconque les regarde. Cette exposition permet de d\u00e9couvrir la s\u00e9rie \u00ab Ky\u014dka T\u014dkaid\u014d \u00bb, dans laquelle chaque estampe est accompagn\u00e9e d\u2019un court po\u00e8me comique appel\u00e9 \u00ab Ky\u014dka \u00bb, un style de po\u00e9sie tr\u00e8s populaire durant la seconde moiti\u00e9 de la p\u00e9riode Edo. Ces po\u00e8mes pr\u00e9sentent le caract\u00e8re unique de chacune des stations relais se trouvant le long de la route du T\u014dkaid\u014d.\n<\/p>\n<\/div>\n<div class=\"itemArea\">\n<!--\u6771\u6d77\u9053\u4e94\u5341\u4e09\u6b21\u30b3\u30fc\u30ca\u30fc--><\/p>\n<div class=\"itemBox muchigh col-xs-12 col-sm-4 col-md-3\" style=\"height: 327px;\">\n<h5>Coin de s\u00e9rie \u00ab Les Cinquante-trois Relais du T\u014dkaid\u014d \u00bb<\/h5>\n<p class=\"imgbox\"><img decoding=\"async\" id=\"collections-toukai-img\" src=\" \/resources\/i\/materials\/220\/resources\/uki10148.jpg\" alt=\"\"><\/p>\n<p id=\"collections-toukai-p\"> Fujisawa, de la s\u00e9rie Cinquante-trois stations du Toukaidou (Voyage le long du Toukaidou avec des po\u00e8mes kyouka)<\/div>\n<p><!--\u85e4\u6ca2\u5bbf\u30b3\u30fc\u30ca\u30fc--><\/p>\n<div class=\"itemBox muchigh col-xs-12 col-sm-4 col-md-3\" style=\"height: 327px;\">\n<h5>Coin de l&#8217;auberge Fujisawa<\/h5>\n<p class=\"imgbox\"><img decoding=\"async\" id=\"collections-hujisawa-img\" src=\"\/resources\/material-None\/image-1_0RKeAqT.png\" border=\"0\" alt=\"\"><\/p>\n<p id=\"collections-hujisawa-p\"> Vue des cinquante-trois stations de l&#8217;autoroute T\u014dkaid\u014d<\/div>\n<p><!--\u6c5f\u306e\u5cf6\u30b3\u30fc\u30ca\u30fc--><\/p>\n<div class=\"itemBox muchigh col-xs-12 col-sm-4 col-md-3\" style=\"height: 327px;\">\n<h5>Coin Enoshima<\/h5>\n<p class=\"imgbox\"><img decoding=\"async\" id=\"collections-enoshima-img\" src=\" \/resources\/i\/materials\/220\/resources\/uki10061.jpg\" border=\"0\" alt=\"\"><\/p>\n<p id=\"collections-enoshima-p\"> Photo de la plage de Shichiri ga hama. Vue de l&#8217;\u00eele d&#8217;Enoshima.<\/div>\n<p><!--\u4f01\u753b\u5c55\u793a\u30b3\u30fc\u30ca\u30fc--><\/p>\n<div class=\"itemBox muchigh col-xs-12 col-sm-4 col-md-3\" style=\"\">\n<h5>Coin des expositions sp\u00e9ciales<\/h5>\n<p class=\"imgbox\"><img decoding=\"async\" id=\"collections-kikaku-img\" src=\" \/resources\/i\/materials\/220\/resources\/bGaNtTaz.jpg\" border=\"0\" alt=\"\"><\/p>\n<p id=\"collections-kikaku-p\"> Kyo : Image du pont Sanjo-Ohashi, extraite de la s\u00e9rie \u00ab Les cinquante-trois stations du Tokaidou \u00bb<\/div>\n<\/div>\n<p><a href=\"\/f\/collections-index-fr\"><button type=\"button\" class=\"btnnex\">Collection en ligne<\/button><\/a><br \/>\n<a href=\"\/f\/archive-fr\"><button type=\"button\" class=\"btnnex\">Les archives de l&#8217;exposition<\/button><\/a><\/p>\n<\/div>\n<\/div>\n<\/div>\n<\/section>\n","protected":false},"excerpt":{"rendered":"<p>HOME Introduction \u00e0 l&#8217;exposition Ky\u014dka T\u014dkaid\u014d de Hiroshige Introduction \u00e0 l&#8217;exposition Au cours d [&hellip;]<\/p>\n","protected":false},"author":1,"featured_media":0,"parent":0,"menu_order":0,"comment_status":"closed","ping_status":"closed","template":"page-fr.php","meta":{"footnotes":""},"class_list":["post-1691","page","type-page","status-publish","hentry"],"_links":{"self":[{"href":"https:\/\/fujisawa-ukiyoekan.net\/f\/wp-json\/wp\/v2\/pages\/1691","targetHints":{"allow":["GET"]}}],"collection":[{"href":"https:\/\/fujisawa-ukiyoekan.net\/f\/wp-json\/wp\/v2\/pages"}],"about":[{"href":"https:\/\/fujisawa-ukiyoekan.net\/f\/wp-json\/wp\/v2\/types\/page"}],"author":[{"embeddable":true,"href":"https:\/\/fujisawa-ukiyoekan.net\/f\/wp-json\/wp\/v2\/users\/1"}],"replies":[{"embeddable":true,"href":"https:\/\/fujisawa-ukiyoekan.net\/f\/wp-json\/wp\/v2\/comments?post=1691"}],"version-history":[{"count":40,"href":"https:\/\/fujisawa-ukiyoekan.net\/f\/wp-json\/wp\/v2\/pages\/1691\/revisions"}],"predecessor-version":[{"id":4171,"href":"https:\/\/fujisawa-ukiyoekan.net\/f\/wp-json\/wp\/v2\/pages\/1691\/revisions\/4171"}],"wp:attachment":[{"href":"https:\/\/fujisawa-ukiyoekan.net\/f\/wp-json\/wp\/v2\/media?parent=1691"}],"curies":[{"name":"wp","href":"https:\/\/api.w.org\/{rel}","templated":true}]}}