{"id":1605,"date":"2023-11-10T14:38:33","date_gmt":"2023-11-10T05:38:33","guid":{"rendered":"https:\/\/www.fujisawa-ukiyoekan.net\/f\/?page_id=1605"},"modified":"2023-11-10T14:38:33","modified_gmt":"2023-11-10T05:38:33","slug":"collections-8-pt","status":"publish","type":"page","link":"https:\/\/fujisawa-ukiyoekan.net\/f\/collections-8-pt\/","title":{"rendered":"\u5c55\u793a\u5185\u5bb9\u7d39\u4ecb\u3000\u7f8e\u4eba\u6771\u6d77\u9053\u306e\u98a8\u666f\u306b\u307f\u308b\u56fd\u8c9e\u3068\u5e83\u91cd\u306e\u3064\u306a\u304c\u308a(\u30dd\u30eb\u30c8\u30ac\u30eb\u8a9e)"},"content":{"rendered":"<section id=\"top\" class=\"bc-section\">\n<div class=\"container\">\n<ol class=\"breadcrumb\">\n<li><a href=\"\/f\/home-pt\">HOME<\/a><\/li>\n<li class=\"active\">Apresenta\u00e7\u00e3o da Exposi\u00e7\u00e3o<\/li>\n<\/ol>\n<\/div>\n<\/section>\n<section id=\"txt\" class=\"home-section\">\n<div class=\"container\">\n<div class=\"row\">\n<div class=\"txtArea\">\n<h3>A conex\u00e3o entre Kunisada e Hiroshige nas paisagens de Bijin Tokaido<\/h3>\n<h4>Apresenta\u00e7\u00e3o da Exposi\u00e7\u00e3o<\/h4>\n<div class=\"txtBox\">\n<p>A obra \u201cAs 53 Esta\u00e7\u00f5es de Tokaido\u201d (conhecida como \u201cBijin Tokaido\u201d) de Utagawa Kunisada (Toyokuni III) \u00e9 conhecida como uma s\u00e9rie que retrata v\u00e1rias mulheres belas em paisagens nas esta\u00e7\u00f5es de Tokaido. Uma de suas caracter\u00edsticas \u00e9 apresentar diversas pinturas que se acredita terem sido retiradas de \u201cAs 53 Esta\u00e7\u00f5es de Tokaido Edi\u00e7\u00e3o Hoeido\u201d (conhecida como \u201cHon&#8217;eido-ban Tokaido\u201d). Na presente exposi\u00e7\u00e3o, colocamos a Bijin Tokaido e a Hon&#8217;eido-ban Tokaido em exibi\u00e7\u00e3o simultaneamente, para que os visitantes possam compar\u00e1-las em suas semelhan\u00e7as e diferen\u00e7as na forma de express\u00e3o.<\/p>\n<\/div>\n<div class=\"itemArea\">\n<div class=\"itemBox muchigh col-xs-12 col-sm-4 col-md-3\" style=\"height: 327px;\">\n<h5>\nEsquina da s\u00e9rie 53 Esta\u00e7\u00f5es Postais de Toukaidou<\/h5>\n<p class=\"imgbox\"><img decoding=\"async\" src=\"\/f\/wp-content\/themes\/ukiyoe\/images\/collections\/ldaXQHKx_VL017_r01.jpg\" border=\"0\" alt=\"\"><\/p>\n<p>Fujisawa from the series \u201cFifty-three Stations of the Toukaidou Highway\u201d<\/p>\n<\/div>\n<div class=\"itemBox muchigh col-xs-12 col-sm-4 col-md-3\" style=\"height: 327px;\">\n<h5>Esquina da estalagem Fujisawa<\/h5>\n<p class=\"imgbox\"><img decoding=\"async\" src=\"\/f\/wp-content\/themes\/ukiyoe\/images\/collections\/p8SzAR0z_VL018_r01.jpg\" border=\"0\" alt=\"\"><\/p>\n<p>Hakone, from the series \u201cFifty-three Stations of the Toukaidou Highway\u201d<\/p>\n<\/div>\n<div class=\"itemBox muchigh col-xs-12 col-sm-4 col-md-3\" style=\"height: 327px;\">\n<h5>Canto de Enoshima<\/h5>\n<p class=\"imgbox\"><img decoding=\"async\" src=\"\/f\/wp-content\/themes\/ukiyoe\/images\/collections\/gn35dsUB_VL019_r01.jpg\" border=\"0\" alt=\"\"><\/p>\n<p>True View of Enoshima Island of Sagami Province<\/p>\n<\/div>\n<div class=\"itemBox muchigh col-xs-12 col-sm-4 col-md-3\" style=\"height: 327px;\">\n<h5>Canto de exposi\u00e7\u00e3o especial<\/h5>\n<p class=\"imgbox\"><img decoding=\"async\" src=\"\/f\/wp-content\/themes\/ukiyoe\/images\/collections\/W1oU0eAl_VL020_r01.jpg\" border=\"0\" alt=\"\"><\/p>\n<p>Kyoto, from the series \u201cFifty-three Stations of the Toukaidou Highway\u201d<\/p>\n<\/div>\n<\/div>\n<p><a href=\"\/f\/archive-pt\"><button type=\"button\" class=\"btnnex\">The Exhibition Archive<\/button><\/a><\/p>\n<\/div>\n<\/div>\n<\/div>\n<\/section>\n","protected":false},"excerpt":{"rendered":"<p>HOME Apresenta\u00e7\u00e3o da Exposi\u00e7\u00e3o A conex\u00e3o entre Kunisada e Hiroshige nas paisagens de Bijin Tokaido Apresenta\u00e7\u00e3 [&hellip;]<\/p>\n","protected":false},"author":1,"featured_media":0,"parent":0,"menu_order":0,"comment_status":"closed","ping_status":"closed","template":"page-pt.php","meta":{"footnotes":""},"class_list":["post-1605","page","type-page","status-publish","hentry"],"_links":{"self":[{"href":"https:\/\/fujisawa-ukiyoekan.net\/f\/wp-json\/wp\/v2\/pages\/1605","targetHints":{"allow":["GET"]}}],"collection":[{"href":"https:\/\/fujisawa-ukiyoekan.net\/f\/wp-json\/wp\/v2\/pages"}],"about":[{"href":"https:\/\/fujisawa-ukiyoekan.net\/f\/wp-json\/wp\/v2\/types\/page"}],"author":[{"embeddable":true,"href":"https:\/\/fujisawa-ukiyoekan.net\/f\/wp-json\/wp\/v2\/users\/1"}],"replies":[{"embeddable":true,"href":"https:\/\/fujisawa-ukiyoekan.net\/f\/wp-json\/wp\/v2\/comments?post=1605"}],"version-history":[{"count":1,"href":"https:\/\/fujisawa-ukiyoekan.net\/f\/wp-json\/wp\/v2\/pages\/1605\/revisions"}],"predecessor-version":[{"id":1606,"href":"https:\/\/fujisawa-ukiyoekan.net\/f\/wp-json\/wp\/v2\/pages\/1605\/revisions\/1606"}],"wp:attachment":[{"href":"https:\/\/fujisawa-ukiyoekan.net\/f\/wp-json\/wp\/v2\/media?parent=1605"}],"curies":[{"name":"wp","href":"https:\/\/api.w.org\/{rel}","templated":true}]}}