{"id":1603,"date":"2023-11-10T14:32:45","date_gmt":"2023-11-10T05:32:45","guid":{"rendered":"https:\/\/www.fujisawa-ukiyoekan.net\/f\/?page_id=1603"},"modified":"2023-11-10T14:32:45","modified_gmt":"2023-11-10T05:32:45","slug":"collections-7-pt","status":"publish","type":"page","link":"https:\/\/fujisawa-ukiyoekan.net\/f\/collections-7-pt\/","title":{"rendered":"\u5c55\u793a\u5185\u5bb9\u7d39\u4ecb\u3000\u6c5f\u306e\u5cf6\u8a63\u3068\u6d6e\u4e16\u7d75\u3067\u307f\u308b\u5f01\u8ca1\u5929\u4fe1\u4ef0\u306e\u6b74\u53f2(\u30dd\u30eb\u30c8\u30ac\u30eb\u8a9e)"},"content":{"rendered":"<section id=\"top\" class=\"bc-section\">\n<div class=\"container\">\n<ol class=\"breadcrumb\">\n<li><a href=\"\/f\/home-pt\">HOME<\/a><\/li>\n<li class=\"active\">Apresenta\u00e7\u00e3o da Exposi\u00e7\u00e3o<\/li>\n<\/ol>\n<\/div>\n<\/section>\n<section id=\"txt\" class=\"home-section\">\n<div class=\"container\">\n<div class=\"row\">\n<div class=\"txtArea\">\n<h3>FUJISAWA LEGACY ENOSHIMA UKIYO-E<br \/>\nAs peregrina\u00e7\u00f5es em Enoshima e a hist\u00f3ria do culto a Sarasvati em pinturas do ukiyo-e<\/h3>\n<h4>Apresenta\u00e7\u00e3o da Exposi\u00e7\u00e3o<\/h4>\n<div class=\"txtBox\">\n<p>Enoshima se tornou muito conhecida devido \u00e0 popularidade das peregrina\u00e7\u00f5es na regi\u00e3o durante a Era Edo. Essas peregrina\u00e7\u00f5es eram centradas no culto \u00e0 Sarasvati (deusa hindu da sabedoria, artes e m\u00fasica). Na presente exposi\u00e7\u00e3o, \u00e9 apresentada a hist\u00f3ria do culto \u00e0 Sarasvati na Era Edo atrav\u00e9s de pinturas de ukiyo-e de Enoshima e documentos locais relacionados \u00e0 Sarasvati.<\/p>\n<\/div>\n<div class=\"itemArea\">\n<div class=\"itemBox muchigh col-xs-12 col-sm-4 col-md-3\" style=\"height: 327px;\">\n<h5>Esquina da s\u00e9rie 53 Esta\u00e7\u00f5es Postais de Toukaidou<\/h5>\n<p class=\"imgbox\"><img decoding=\"async\" src=\"\/f\/wp-content\/themes\/ukiyoe\/images\/collections\/AzcLfrLZ_VL017_r01.jpg\" border=\"0\" alt=\"\"><\/p>\n<p>Large-size Picture Book of Enoshima Island<\/p>\n<\/div>\n<div class=\"itemBox muchigh col-xs-12 col-sm-4 col-md-3\" style=\"height: 327px;\">\n<h5>Esquina da estalagem Fujisawa<\/h5>\n<p class=\"imgbox\"><img decoding=\"async\" src=\"\/f\/wp-content\/themes\/ukiyoe\/images\/collections\/qQpkRYvD_VL018_r01.jpg\" border=\"0\" alt=\"\"><\/p>\n<p>Enoshima beach<\/p>\n<\/div>\n<div class=\"itemBox muchigh col-xs-12 col-sm-4 col-md-3\" style=\"height: 327px;\">\n<h5>Canto de Enoshima<\/h5>\n<p class=\"imgbox\"><img decoding=\"async\" src=\"\/f\/wp-content\/themes\/ukiyoe\/images\/collections\/Cv78w7EP_VL019_r01.jpg\" border=\"0\" alt=\"\"><\/p>\n<p>T\u00edtulo: desconhecido\uff08cerim\u00f4nia Kaichou\uff09<\/p>\n<\/div>\n<div class=\"itemBox muchigh col-xs-12 col-sm-4 col-md-3\" >\n<h5>Canto de exposi\u00e7\u00e3o especial<\/h5>\n<p class=\"imgbox\"><img decoding=\"async\" src=\"\/f\/wp-content\/themes\/ukiyoe\/images\/collections\/g5HZfbmP_VL020_r01.jpg\" border=\"0\" alt=\"\"><\/p>\n<p>Os peregrinos desfrutam da cerim\u00f4nia Kaichou no santu\u00e1rio principal na caverna de Enoshima Benzaiten na prov\u00edncia de Sagami<\/p>\n<\/div>\n<\/div>\n<p><a href=\"\/f\/archive-pt\"><button type=\"button\" class=\"btnnex\">The Exhibition Archive<\/button><\/a><\/p>\n<\/div>\n<\/div>\n<\/div>\n<\/section>\n","protected":false},"excerpt":{"rendered":"<p>HOME Apresenta\u00e7\u00e3o da Exposi\u00e7\u00e3o FUJISAWA LEGACY ENOSHIMA UKIYO-E As peregrina\u00e7\u00f5es em Enoshima e a hist\u00f3ria do c [&hellip;]<\/p>\n","protected":false},"author":1,"featured_media":0,"parent":0,"menu_order":0,"comment_status":"closed","ping_status":"closed","template":"page-pt.php","meta":{"footnotes":""},"class_list":["post-1603","page","type-page","status-publish","hentry"],"_links":{"self":[{"href":"https:\/\/fujisawa-ukiyoekan.net\/f\/wp-json\/wp\/v2\/pages\/1603","targetHints":{"allow":["GET"]}}],"collection":[{"href":"https:\/\/fujisawa-ukiyoekan.net\/f\/wp-json\/wp\/v2\/pages"}],"about":[{"href":"https:\/\/fujisawa-ukiyoekan.net\/f\/wp-json\/wp\/v2\/types\/page"}],"author":[{"embeddable":true,"href":"https:\/\/fujisawa-ukiyoekan.net\/f\/wp-json\/wp\/v2\/users\/1"}],"replies":[{"embeddable":true,"href":"https:\/\/fujisawa-ukiyoekan.net\/f\/wp-json\/wp\/v2\/comments?post=1603"}],"version-history":[{"count":3,"href":"https:\/\/fujisawa-ukiyoekan.net\/f\/wp-json\/wp\/v2\/pages\/1603\/revisions"}],"predecessor-version":[{"id":1658,"href":"https:\/\/fujisawa-ukiyoekan.net\/f\/wp-json\/wp\/v2\/pages\/1603\/revisions\/1658"}],"wp:attachment":[{"href":"https:\/\/fujisawa-ukiyoekan.net\/f\/wp-json\/wp\/v2\/media?parent=1603"}],"curies":[{"name":"wp","href":"https:\/\/api.w.org\/{rel}","templated":true}]}}