{"id":1601,"date":"2023-11-10T14:32:55","date_gmt":"2023-11-10T05:32:55","guid":{"rendered":"https:\/\/www.fujisawa-ukiyoekan.net\/f\/?page_id=1601"},"modified":"2023-11-10T14:32:55","modified_gmt":"2023-11-10T05:32:55","slug":"collections-6-pt","status":"publish","type":"page","link":"https:\/\/fujisawa-ukiyoekan.net\/f\/collections-6-pt\/","title":{"rendered":"\u5c55\u793a\u5185\u5bb9\u7d39\u4ecb\u3000\u6d6e\u4e16\u7d75\u3068\u7d75\u306f\u304c\u304d\u3067\u5de1\u308b\u795e\u5948\u5ddd\u3068\u6771\u6d77\u9053(\u30dd\u30eb\u30c8\u30ac\u30eb\u8a9e)"},"content":{"rendered":"<section id=\"top\" class=\"bc-section\">\n<div class=\"container\">\n<ol class=\"breadcrumb\">\n<li><a href=\"\/f\/home-pt\">HOME<\/a><\/li>\n<li class=\"active\">Apresenta\u00e7\u00e3o da Exposi\u00e7\u00e3o<\/li>\n<\/ol>\n<\/div>\n<\/section>\n<section id=\"txt\" class=\"home-section\">\n<div class=\"container\">\n<div class=\"row\">\n<div class=\"txtArea\">\n<h3>Ukiyo-e e cart\u00f5es postais de Kanagawa e Tokaido<\/h3>\n<h4>Apresenta\u00e7\u00e3o da Exposi\u00e7\u00e3o<\/h4>\n<div class=\"txtBox\">\n<p>Os cart\u00f5es postais apareceram na Era Meiji como um meio de express\u00e3o visual de pontos tur\u00edsticos, substituindo as pinturas de ukiyo-e, populares na Era Edo. Aproveite a exibi\u00e7\u00e3o para comparar diversos ukiyo-e e cart\u00f5es postais de paisagens c\u00eanicas da prov\u00edncia de Kanagawa, como Enoshima, Kamakura e Oiso, da Era Meiji at\u00e9 a Era Showa, e desfrute das mudan\u00e7as de paisagens e cen\u00e1rios, bem como das diferentes perspectivas do turismo de cada era.<\/p>\n<\/div>\n<div class=\"itemArea\">\n<div class=\"itemBox muchigh col-xs-12 col-sm-4 col-md-3\" >\n<h5>Esquina da s\u00e9rie 53 Esta\u00e7\u00f5es Postais de Toukaidou<\/h5>\n<p class=\"imgbox\"><img decoding=\"async\" src=\"\/f\/wp-content\/themes\/ukiyoe\/images\/collections\/45Z2fTZJ_VL017_r01.jpg\" border=\"0\" alt=\"\"><\/p>\n<p>Toukaidou 53-Tsugi Zue (As 53 esta\u00e7\u00f5es de Toukaidou)\u3000Kanagawa, Hodogaya, Totsuka e Fujisawa<\/p>\n<\/div>\n<div class=\"itemBox muchigh col-xs-12 col-sm-4 col-md-3\" style=\"height: 327px;\">\n<h5>Esquina da estalagem Fujisawa<\/h5>\n<p class=\"imgbox\"><img decoding=\"async\" src=\"\/f\/wp-content\/themes\/ukiyoe\/images\/collections\/yWiUN698_VL018_r01.jpg\" border=\"0\" alt=\"\"><\/p>\n<p>Toukaidou Meisho Zue (Os principais pontos de Toukaidou)<\/p>\n<\/div>\n<div class=\"itemBox muchigh col-xs-12 col-sm-4 col-md-3\" style=\"height: 327px;\">\n<h5>Canto de Enoshima<\/h5>\n<p class=\"imgbox\"><img decoding=\"async\" src=\"\/f\/wp-content\/themes\/ukiyoe\/images\/collections\/OkNyODS6_VL019_r01.jpg\" border=\"0\" alt=\"\"><\/p>\n<p>Ilha de Enoshima<\/p>\n<\/div>\n<div class=\"itemBox muchigh col-xs-12 col-sm-4 col-md-3\" style=\"height: 327px;\">\n<h5>Canto de exposi\u00e7\u00e3o especial<\/h5>\n<p class=\"imgbox\"><img decoding=\"async\" src=\"\/f\/wp-content\/themes\/ukiyoe\/images\/collections\/v7pYDuxl_VL020_r01.jpg\" border=\"0\" alt=\"\"><\/p>\n<p>Miya, da s\u00e9rie \u201cToukaidou\u201d<\/p>\n<\/div>\n<\/div>\n<p><a href=\"\/f\/archive-pt\"><button type=\"button\" class=\"btnnex\">The Exhibition Archive<\/button><\/a><\/p>\n<\/div>\n<\/div>\n<\/div>\n<\/section>\n","protected":false},"excerpt":{"rendered":"<p>HOME Apresenta\u00e7\u00e3o da Exposi\u00e7\u00e3o Ukiyo-e e cart\u00f5es postais de Kanagawa e Tokaido Apresenta\u00e7\u00e3o da Exposi\u00e7\u00e3o Os ca [&hellip;]<\/p>\n","protected":false},"author":1,"featured_media":0,"parent":0,"menu_order":0,"comment_status":"closed","ping_status":"closed","template":"page-pt.php","meta":{"footnotes":""},"class_list":["post-1601","page","type-page","status-publish","hentry"],"_links":{"self":[{"href":"https:\/\/fujisawa-ukiyoekan.net\/f\/wp-json\/wp\/v2\/pages\/1601","targetHints":{"allow":["GET"]}}],"collection":[{"href":"https:\/\/fujisawa-ukiyoekan.net\/f\/wp-json\/wp\/v2\/pages"}],"about":[{"href":"https:\/\/fujisawa-ukiyoekan.net\/f\/wp-json\/wp\/v2\/types\/page"}],"author":[{"embeddable":true,"href":"https:\/\/fujisawa-ukiyoekan.net\/f\/wp-json\/wp\/v2\/users\/1"}],"replies":[{"embeddable":true,"href":"https:\/\/fujisawa-ukiyoekan.net\/f\/wp-json\/wp\/v2\/comments?post=1601"}],"version-history":[{"count":2,"href":"https:\/\/fujisawa-ukiyoekan.net\/f\/wp-json\/wp\/v2\/pages\/1601\/revisions"}],"predecessor-version":[{"id":1655,"href":"https:\/\/fujisawa-ukiyoekan.net\/f\/wp-json\/wp\/v2\/pages\/1601\/revisions\/1655"}],"wp:attachment":[{"href":"https:\/\/fujisawa-ukiyoekan.net\/f\/wp-json\/wp\/v2\/media?parent=1601"}],"curies":[{"name":"wp","href":"https:\/\/api.w.org\/{rel}","templated":true}]}}