{"id":1577,"date":"2023-11-10T14:37:22","date_gmt":"2023-11-10T05:37:22","guid":{"rendered":"https:\/\/www.fujisawa-ukiyoekan.net\/f\/?page_id=1577"},"modified":"2026-02-25T13:49:32","modified_gmt":"2026-02-25T04:49:32","slug":"collections-5-es","status":"publish","type":"page","link":"https:\/\/fujisawa-ukiyoekan.net\/f\/collections-5-es\/","title":{"rendered":"\u5c55\u793a\u5185\u5bb9\u7d39\u4ecb\u3000\u559c\u658e\u7acb\u7965 \u4e8c\u4ee3\u5e83\u91cd\u3068\u547c\u3070\u308c\u305f\u7d75\u5e2b (\u30b9\u30da\u30a4\u30f3\u8a9e)"},"content":{"rendered":"<section id=\"top\" class=\"bc-section\">\n<div class=\"container\">\n<ol class=\"breadcrumb\">\n<li><a href=\"\/f\/home-es\">HOME<\/a><\/li>\n<li class=\"active\">Introducci\u00f3n de la Exposici\u00f3n<\/li>\n<\/ol>\n<\/div>\n<\/section>\n<section id=\"txt\" class=\"home-section\">\n<div class=\"container\">\n<div class=\"row\">\n<div class=\"txtArea\">\n<h3>El maestro de ukiyo-e conocido como Kisai Risho, Hiroshige II<\/h3>\n<h4>Introducci\u00f3n de la Exposici\u00f3n<\/h4>\n<div class=\"txtBox\">\n<p>Se presentan las estampas ukiyo-e del disc\u00edpulo de Utagawa Hiroshige I, (Shigenobu) Hiroshige II. Hiroshige II fue especialmente activo durante el periodo desde finales de la era Edo hasta la era Meiji. A\u00f1os m\u00e1s tard\u00e9 utiliz\u00f3 el seud\u00f3nimo art\u00edstico de Kisai Risho. A la par que recoge el estilo pict\u00f3rico de su maestro Hiroshige I con obras de marcados colores, tambi\u00e9n muestra expresiones propias, as\u00ed como una vez que trabaja bajo el seud\u00f3nimo de Kisai Risho la tem\u00e1tica de sus ilustraciones se diversifica. La estampa de Fujisawa de la colecci\u00f3n Cincuenta y tres estaciones de la ruta Tokaido (la ilustraci\u00f3n que se usa en el cartel principal de esta exposici\u00f3n) en la que representa el punto de descanso de Yotsuya cerca del actual Museo de Ukiyo-e destaca como una de sus obras maestras. La saga Hiroshige, la cual cre\u00f3 una fuerte corriente art\u00edstica para la representaci\u00f3n de vistas en las estampas ukiyo-e, tambi\u00e9n se ve afectada por los dr\u00e1sticos sucesos en las diferentes eras, as\u00ed como por los cambios de estilo en la representaci\u00f3n de las vistas.<\/p>\n<\/div>\n<div class=\"itemArea\">\n<div class=\"itemBox muchigh col-xs-12 col-sm-4 col-md-3\" >\n<h5>Rinc\u00f3n de la serie Las cincuenta y tres estaciones de Tokaido<\/h5>\n<p class=\"imgbox\"><img decoding=\"async\" src=\"\/f\/wp-content\/themes\/ukiyoe\/images\/collections\/F7iQs9lg_VL017_r01.jpg\" border=\"0\" alt=\"\"><\/p>\n<p>Fujisawa, de la serie Las cincuenta y tres estaciones de Tokaido (edici\u00f3n Hoeido)<\/p>\n<\/div>\n<div class=\"itemBox muchigh col-xs-12 col-sm-4 col-md-3\" style=\"height: 327px;\">\n<h5>Rinc\u00f3n de la posada Fujisawa<\/h5>\n<p class=\"imgbox\"><img decoding=\"async\" src=\"\/f\/wp-content\/themes\/ukiyoe\/images\/collections\/iZcRcHLh_VL018_r01.jpg\" border=\"0\" alt=\"\"><\/p>\n<p>Hakone hot spring, from the series \u201cToukaidou\u201d<\/p>\n<\/div>\n<div class=\"itemBox muchigh col-xs-12 col-sm-4 col-md-3\" style=\"height: 327px;\">\n<h5>Rinc\u00f3n de Enoshima<\/h5>\n<p class=\"imgbox\"><img decoding=\"async\" src=\"\/f\/wp-content\/themes\/ukiyoe\/images\/collections\/Ic36Vr90_VL019_r01.jpg\" border=\"0\" alt=\"\"><\/p>\n<p>The Pilgrimage to Enoshima Island of Sagami Province: A Landscape of Shichiri-ga-hama Beach of Kamakura<\/p>\n<\/div>\n<div class=\"itemBox muchigh col-xs-12 col-sm-4 col-md-3\" style=\"height: 327px;\">\n<h5>Rinc\u00f3n especial de exposiciones<\/h5>\n<p class=\"imgbox\"><img decoding=\"async\" src=\"\/f\/wp-content\/themes\/ukiyoe\/images\/collections\/9UzNl91w_VL020_r01.jpg\" border=\"0\" alt=\"\"><\/p>\n<p>Oiwake-michi, Fujisawa, Las cincuenta y tres estaciones de Tokaido<\/p>\n<\/div>\n<\/div>\n<p><a href=\"\/f\/archive-es\"><button type=\"button\" class=\"btnnex\">The Exhibition Archive<\/button><\/a><\/p>\n<\/div>\n<\/div>\n<\/div>\n<\/section>\n","protected":false},"excerpt":{"rendered":"<p>HOME Introducci\u00f3n de la Exposici\u00f3n El maestro de ukiyo-e conocido como Kisai Risho, Hiroshige II Introducci\u00f3n  [&hellip;]<\/p>\n","protected":false},"author":1,"featured_media":0,"parent":0,"menu_order":0,"comment_status":"closed","ping_status":"closed","template":"page-es.php","meta":{"footnotes":""},"class_list":["post-1577","page","type-page","status-publish","hentry"],"_links":{"self":[{"href":"https:\/\/fujisawa-ukiyoekan.net\/f\/wp-json\/wp\/v2\/pages\/1577","targetHints":{"allow":["GET"]}}],"collection":[{"href":"https:\/\/fujisawa-ukiyoekan.net\/f\/wp-json\/wp\/v2\/pages"}],"about":[{"href":"https:\/\/fujisawa-ukiyoekan.net\/f\/wp-json\/wp\/v2\/types\/page"}],"author":[{"embeddable":true,"href":"https:\/\/fujisawa-ukiyoekan.net\/f\/wp-json\/wp\/v2\/users\/1"}],"replies":[{"embeddable":true,"href":"https:\/\/fujisawa-ukiyoekan.net\/f\/wp-json\/wp\/v2\/comments?post=1577"}],"version-history":[{"count":3,"href":"https:\/\/fujisawa-ukiyoekan.net\/f\/wp-json\/wp\/v2\/pages\/1577\/revisions"}],"predecessor-version":[{"id":4125,"href":"https:\/\/fujisawa-ukiyoekan.net\/f\/wp-json\/wp\/v2\/pages\/1577\/revisions\/4125"}],"wp:attachment":[{"href":"https:\/\/fujisawa-ukiyoekan.net\/f\/wp-json\/wp\/v2\/media?parent=1577"}],"curies":[{"name":"wp","href":"https:\/\/api.w.org\/{rel}","templated":true}]}}