{"id":1569,"date":"2023-11-10T14:37:36","date_gmt":"2023-11-10T05:37:36","guid":{"rendered":"https:\/\/www.fujisawa-ukiyoekan.net\/f\/?page_id=1569"},"modified":"2023-11-10T14:37:36","modified_gmt":"2023-11-10T05:37:36","slug":"collections-1-es","status":"publish","type":"page","link":"https:\/\/fujisawa-ukiyoekan.net\/f\/collections-1-es\/","title":{"rendered":"\u5c55\u793a\u5185\u5bb9\u7d39\u4ecb\u3000\u6c5f\u306e\u5cf6\u6d6e\u4e16\u7d75\u3068\u5bcc\u58eb\u5c71 \u4f1d\u8aac\u306e\u5b9d\u5eab (\u30b9\u30da\u30a4\u30f3\u8a9e)"},"content":{"rendered":"<section id=\"top\" class=\"bc-section\">\n<div class=\"container\">\n<ol class=\"breadcrumb\">\n<li><a href=\"\/f\/home-es\">HOME<\/a><\/li>\n<li class=\"active\">Introducci\u00f3n de la Exposici\u00f3n<\/li>\n<\/ol>\n<\/div>\n<\/section>\n<section id=\"txt\" class=\"home-section\">\n<div class=\"container\">\n<div class=\"row\">\n<div class=\"txtArea\">\n<h3>Ukiyo-e de Enosima y el Monte Fuji: El arca de las leyendas, \u201cFujisawa y Enosima\u201d<\/h3>\n<h4>Introducci\u00f3n de la Exposici\u00f3n<\/h4>\n<div class=\"txtBox\">\nEs una exposici\u00f3n temporal para presentar desde diferentes perspectivas las obras de \u201cUkiyo-e de Enosima\u201d que simbolizan la historia y la cultura de la isla de Enosima, consideradas como un \u201cpatrimonio\u201d de la ciudad de Fujisawa. En esta exhibici\u00f3n, se presentan obras de Ukiyo-e del Monte Fuji que se ilustra junto con la isla de Enosima, adem\u00e1s, se presenta la leyenda de la conexi\u00f3n directa del Monte Fuji con la isla de Enosima por la cueva Hitoana y la leyenda del nacimiento de la isla Enosima, mostrando las obras de Ukiyo-e y los datos locales. Tambi\u00e9n se presenta la leyenda de Minamoto no Yoshitsune, un General af\u00edn a Fujisawa.\n<\/div>\n<div class=\"itemArea\">\n<div class=\"itemBox muchigh col-xs-12 col-sm-4 col-md-3\" >\n<h5>Rinc\u00f3n de la serie Las cincuenta y tres estaciones de Tokaido<\/h5>\n<p class=\"imgbox\"><img decoding=\"async\" src=\"\/f\/wp-content\/themes\/ukiyoe\/images\/collections\/X1cXQxhZ_VL017_r01.jpg\" border=\"0\" alt=\"\"><\/p>\n<p>Shichiri-ga-hama Beach of Sagami Province, from the series Thirty-six Views of Mt. Fuji\n<\/p><\/div>\n<div class=\"itemBox muchigh col-xs-12 col-sm-4 col-md-3\" style=\"height: 327px;\">\n<h5>Rinc\u00f3n de la posada Fujisawa<\/h5>\n<p class=\"imgbox\"><img decoding=\"async\" src=\"\/f\/wp-content\/themes\/ukiyoe\/images\/collections\/aqoKaW7t_VL018_r01.jpg\" border=\"0\" alt=\"\"><\/p>\n<p>Kurou Kaja Iyo-no-kami Minamoto no Yoshitsune<\/p>\n<\/div>\n<div class=\"itemBox muchigh col-xs-12 col-sm-4 col-md-3\" style=\"height: 327px;\">\n<h5>Rinc\u00f3n de Enoshima<\/h5>\n<p class=\"imgbox\"><img decoding=\"async\" src=\"\/f\/wp-content\/themes\/ukiyoe\/images\/collections\/TdFI6pWv_VL019_r01.jpg\" border=\"0\" alt=\"\"><\/p>\n<p>of Iwaya (Sea Cave) of Enoshima Island in Sagami Province, from the series Famous Places in Sixty-odd Provinces<\/p>\n<\/div>\n<div class=\"itemBox muchigh col-xs-12 col-sm-4 col-md-3\" style=\"height: 327px;\">\n<h5>Rinc\u00f3n especial de exposiciones<\/h5>\n<p class=\"imgbox\"><img decoding=\"async\" src=\"\/f\/wp-content\/themes\/ukiyoe\/images\/collections\/8Fbmx9M0_VL020_r01.jpg\" border=\"0\" alt=\"\"><\/p>\n<p>True View of Mt. Fuji<\/p>\n<\/div>\n<\/div>\n<p><a href=\"\/f\/archive-es\"><button type=\"button\" class=\"btnnex\">The Exhibition Archive<\/button><\/a><\/p>\n<\/div>\n<\/div>\n<\/div>\n<\/section>\n","protected":false},"excerpt":{"rendered":"<p>HOME Introducci\u00f3n de la Exposici\u00f3n Ukiyo-e de Enosima y el Monte Fuji: El arca de las leyendas, \u201cFujisawa y En [&hellip;]<\/p>\n","protected":false},"author":1,"featured_media":0,"parent":0,"menu_order":0,"comment_status":"closed","ping_status":"closed","template":"page-es.php","meta":{"footnotes":""},"class_list":["post-1569","page","type-page","status-publish","hentry"],"_links":{"self":[{"href":"https:\/\/fujisawa-ukiyoekan.net\/f\/wp-json\/wp\/v2\/pages\/1569","targetHints":{"allow":["GET"]}}],"collection":[{"href":"https:\/\/fujisawa-ukiyoekan.net\/f\/wp-json\/wp\/v2\/pages"}],"about":[{"href":"https:\/\/fujisawa-ukiyoekan.net\/f\/wp-json\/wp\/v2\/types\/page"}],"author":[{"embeddable":true,"href":"https:\/\/fujisawa-ukiyoekan.net\/f\/wp-json\/wp\/v2\/users\/1"}],"replies":[{"embeddable":true,"href":"https:\/\/fujisawa-ukiyoekan.net\/f\/wp-json\/wp\/v2\/comments?post=1569"}],"version-history":[{"count":2,"href":"https:\/\/fujisawa-ukiyoekan.net\/f\/wp-json\/wp\/v2\/pages\/1569\/revisions"}],"predecessor-version":[{"id":1643,"href":"https:\/\/fujisawa-ukiyoekan.net\/f\/wp-json\/wp\/v2\/pages\/1569\/revisions\/1643"}],"wp:attachment":[{"href":"https:\/\/fujisawa-ukiyoekan.net\/f\/wp-json\/wp\/v2\/media?parent=1569"}],"curies":[{"name":"wp","href":"https:\/\/api.w.org\/{rel}","templated":true}]}}