{"id":1547,"date":"2023-11-10T14:38:07","date_gmt":"2023-11-10T05:38:07","guid":{"rendered":"https:\/\/www.fujisawa-ukiyoekan.net\/f\/?page_id=1547"},"modified":"2023-11-10T14:39:39","modified_gmt":"2023-11-10T05:39:39","slug":"collections-9-fr","status":"publish","type":"page","link":"https:\/\/fujisawa-ukiyoekan.net\/f\/collections-9-fr\/","title":{"rendered":"\u5c55\u793a\u5185\u5bb9\u7d39\u4ecb\u3000\u30a2\u30ca\u30b6\u30fc\u6771\u6d77\u9053\uff08\u30d5\u30e9\u30f3\u30b9\u8a9e\uff09"},"content":{"rendered":"<section id=\"top\" class=\"bc-section\">\n<div class=\"container\">\n<ol class=\"breadcrumb\">\n<li><a href=\"\/f\/home-fr\">HOME<\/a><\/li>\n<li class=\"active\">Pr\u00e9sentation de l&#8217;exposition<\/li>\n<\/ol>\n<\/div>\n<\/section>\n<section id=\"txt\" class=\"home-section\">\n<div class=\"container\">\n<div class=\"row\">\n<div class=\"txtArea\">\n<h3 id=\"collections-title\">Une autre Toukaidou. Repr\u00e9sentations insolites et vari\u00e9t\u00e9 des estampes sur la route du Toukaidou. <\/h3>\n<h4>Pr\u00e9sentation de l&#8217;exposition<\/h4>\n<div class=\"txtBox\">\n<p id=\"collections-p\">La s\u00e9rie d\u2019estampes d&#8217;Utagawa Hiroshige, commun\u00e9ment appel\u00e9e \u00ab \u00c9dition Hoeid\u014d du Toukaidou \u00bb, est la collection d&#8217;ukiyo-e sur le th\u00e8me du Toukaidou la plus c\u00e9l\u00e8bre depuis la p\u00e9riode Edo jusqu\u2019\u00e0 nos jours. Cependant, il existe de nombreuses estampes sur le Toukaidou r\u00e9alis\u00e9es par d\u2019autres artistes et moins connues du grand public. Cette exposition pr\u00e9sente donc des \u0153uvres relativement rares et m\u00e9connues sur le Toukaidou et d\u00e9tenues par la ville de Fujisawa. De plus, non seulement vous pourrez d\u00e9couvrir des \u0153uvres authentiques d\u00e9bordantes de cr\u00e9ativit\u00e9 et r\u00e9alis\u00e9es par diff\u00e9rents artistes du genre, mais aussi le r\u00f4le et l&#8217;influence d&#8217;Utagawa Hiroshige dans l\u2019histoire de l\u2019art.\n<\/p>\n<\/div>\n<div class=\"itemArea\">\n<div class=\"itemBox muchigh col-xs-12 col-sm-4 col-md-3\" style=\"height: 327px;\">\n<h5><ruby>Coin de s\u00e9rie \u00ab Les Cinquante-trois Relais du T\u014dkaid\u014d \u00bb<\/h5>\n<p class=\"imgbox\"><img decoding=\"async\" id=\"collections-toukai-img\" src=\"\/f\/wp-content\/themes\/ukiyoe\/images\/collections\/xURbczQY_VL017_r01.jpg\" alt=\"\"><\/p>\n<p id=\"collections-toukai-p\">Fujisawa, s\u00e9rie \u00ab Les Cinquante-trois Relais du T\u014dkaid\u014d \u00bb (\u00e9dition Hoeid\u014d)<\/div>\n<div class=\"itemBox muchigh col-xs-12 col-sm-4 col-md-3\" style=\"height: 327px;\">\n<h5><ruby>Coin de l&#8217;auberge Fujisawa<\/h5>\n<p class=\"imgbox\"><img decoding=\"async\" id=\"collections-hujisawa-img\" src=\"\/f\/wp-content\/themes\/ukiyoe\/images\/collections\/bANVsxp2_VL018_r01.jpg\" border=\"0\" alt=\"\"><\/p>\n<p id=\"collections-hujisawa-p\"><ruby>\u6771\u6d77\u9053\u4e94\u5341\u4e09\u6b21<rp>(<\/rp><rt>\u3068\u3046\u304b\u3044\u3069\u3046\u3054\u3058\u3085\u3046\u3055\u3093\u3064\u304e<\/rt><rp>)<\/rp><\/ruby><ruby>\u7248\u753b<rp>(<\/rp><rt>\u306f\u3093\u304c<\/rt><rp>)<\/rp><\/ruby><ruby>\u7d75\u5dfb<rp>(<\/rp><rt>\u3048\u307e\u304d<\/rt><rp>)<\/rp><\/ruby>\u3008<ruby>\u6238\u585a\u5bbf<rp>(<\/rp><rt>\u3068\u3064\u304b\u3057\u3085\u304f<\/rt><rp>)<\/rp><\/ruby>\u3009<\/div>\n<div class=\"itemBox muchigh col-xs-12 col-sm-4 col-md-3\" style=\"height: 327px;\">\n<h5>Coin Enoshima<\/h5>\n<p class=\"imgbox\"><img decoding=\"async\" id=\"collections-enoshima-img\" src=\"\/f\/wp-content\/themes\/ukiyoe\/images\/collections\/dDqkYbRJ_VL019_r01.jpg\" border=\"0\" alt=\"\"><\/p>\n<p id=\"collections-enoshima-p\">Untitled (Fujisawa inn landscape)<\/div>\n<div class=\"itemBox muchigh col-xs-12 col-sm-4 col-md-3\" style=\"\">\n<h5>Coin des expositions sp\u00e9ciales<\/h5>\n<p class=\"imgbox\"><img decoding=\"async\" id=\"collections-kikaku-img\" src=\"\/f\/wp-content\/themes\/ukiyoe\/images\/collections\/LNdd4P73_VL020_r01.jpg\" border=\"0\" alt=\"\"><\/p>\n<p id=\"collections-kikaku-p\"><ruby>\u6771\u6d77\u9053<rp>(<\/rp><rt>\u3068\u3046\u304b\u3044\u3069\u3046<\/rt><rp>)<\/rp><\/ruby><ruby>\u4e94<rp>(<\/rp><rt>\u3054<\/rt><rp>)<\/rp><\/ruby><ruby>\u5341\u4e09\u99c5<rp>(<\/rp><rt>\u3058\u3085\u3046\u3055\u3093\u3048\u304d<\/rt><rp>)<\/rp><\/ruby> <ruby>\u9262\u5c71<rp>(<\/rp><rt>\u306f\u3061\u3084\u307e<\/rt><rp>)<\/rp><\/ruby><ruby>\u56f3\u7d75<rp>(<\/rp><rt>\u305a\u3048<\/rt><rp>)<\/rp><\/ruby> <ruby>\u65e5\u672c\u6a4b<rp>(<\/rp><rt>\u306b\u307b\u3093\u3070\u3057<\/rt><rp>)<\/rp><\/ruby><\/div>\n<\/div>\n<p><a href=\"\/f\/archive-fr\"><button type=\"button\" class=\"btnnex\">The Exhibition Archive<\/button><\/a><\/p>\n<\/div>\n<\/div>\n<\/div>\n<\/section>\n","protected":false},"excerpt":{"rendered":"<p>HOME Pr\u00e9sentation de l&#8217;exposition Une autre Toukaidou. Repr\u00e9sentations insolites et vari\u00e9t\u00e9 des estampes [&hellip;]<\/p>\n","protected":false},"author":1,"featured_media":0,"parent":0,"menu_order":0,"comment_status":"closed","ping_status":"closed","template":"page-fr.php","meta":{"footnotes":""},"class_list":["post-1547","page","type-page","status-publish","hentry"],"_links":{"self":[{"href":"https:\/\/fujisawa-ukiyoekan.net\/f\/wp-json\/wp\/v2\/pages\/1547","targetHints":{"allow":["GET"]}}],"collection":[{"href":"https:\/\/fujisawa-ukiyoekan.net\/f\/wp-json\/wp\/v2\/pages"}],"about":[{"href":"https:\/\/fujisawa-ukiyoekan.net\/f\/wp-json\/wp\/v2\/types\/page"}],"author":[{"embeddable":true,"href":"https:\/\/fujisawa-ukiyoekan.net\/f\/wp-json\/wp\/v2\/users\/1"}],"replies":[{"embeddable":true,"href":"https:\/\/fujisawa-ukiyoekan.net\/f\/wp-json\/wp\/v2\/comments?post=1547"}],"version-history":[{"count":4,"href":"https:\/\/fujisawa-ukiyoekan.net\/f\/wp-json\/wp\/v2\/pages\/1547\/revisions"}],"predecessor-version":[{"id":1703,"href":"https:\/\/fujisawa-ukiyoekan.net\/f\/wp-json\/wp\/v2\/pages\/1547\/revisions\/1703"}],"wp:attachment":[{"href":"https:\/\/fujisawa-ukiyoekan.net\/f\/wp-json\/wp\/v2\/media?parent=1547"}],"curies":[{"name":"wp","href":"https:\/\/api.w.org\/{rel}","templated":true}]}}